{"id":11685,"date":"2025-09-12T15:46:43","date_gmt":"2025-09-12T13:46:43","guid":{"rendered":"https:\/\/ces.gob.gt\/?page_id=11685"},"modified":"2025-09-12T15:50:00","modified_gmt":"2025-09-12T13:50:00","slug":"reglamentos","status":"publish","type":"page","link":"https:\/\/ces.gob.gt\/index.php\/reglamentos\/","title":{"rendered":"Reglamentos"},"content":{"rendered":"\t\t<div data-elementor-type=\"wp-page\" data-elementor-id=\"11685\" class=\"elementor elementor-11685\" data-elementor-post-type=\"page\">\n\t\t\t\t\t\t<section class=\"elementor-section elementor-top-section elementor-element elementor-element-0f17280 elementor-section-stretched elementor-section-content-middle elementor-section-boxed elementor-section-height-default elementor-section-height-default\" data-id=\"0f17280\" data-element_type=\"section\" data-settings=\"{&quot;stretch_section&quot;:&quot;section-stretched&quot;}\">\n\t\t\t\t\t\t<div class=\"elementor-container elementor-column-gap-default\">\n\t\t\t\t\t<div class=\"elementor-column elementor-col-50 elementor-top-column elementor-element elementor-element-cb8ed20\" data-id=\"cb8ed20\" data-element_type=\"column\">\n\t\t\t<div class=\"elementor-widget-wrap elementor-element-populated\">\n\t\t\t\t\t\t<section class=\"elementor-section elementor-inner-section elementor-element elementor-element-38a4791 elementor-section-content-top elementor-section-boxed elementor-section-height-default elementor-section-height-default\" data-id=\"38a4791\" data-element_type=\"section\">\n\t\t\t\t\t\t<div class=\"elementor-container elementor-column-gap-default\">\n\t\t\t\t\t<div class=\"elementor-column elementor-col-100 elementor-inner-column elementor-element elementor-element-71c3409\" data-id=\"71c3409\" data-element_type=\"column\">\n\t\t\t<div class=\"elementor-widget-wrap elementor-element-populated\">\n\t\t\t\t\t\t<div class=\"elementor-element elementor-element-c65efbc elementor-widget elementor-widget-image\" data-id=\"c65efbc\" data-element_type=\"widget\" data-widget_type=\"image.default\">\n\t\t\t\t<div class=\"elementor-widget-container\">\n\t\t\t\t\t\t\t\t\t\t\t\t\t\t\t<img fetchpriority=\"high\" decoding=\"async\" width=\"640\" height=\"640\" src=\"https:\/\/ces.gob.gt\/wp-content\/uploads\/2025\/07\/quienessomos.jpg\" class=\"attachment-large size-large wp-image-4637\" alt=\"\" srcset=\"https:\/\/ces.gob.gt\/wp-content\/uploads\/2025\/07\/quienessomos.jpg 800w, https:\/\/ces.gob.gt\/wp-content\/uploads\/2025\/07\/quienessomos-300x300.jpg 300w, https:\/\/ces.gob.gt\/wp-content\/uploads\/2025\/07\/quienessomos-150x150.jpg 150w, https:\/\/ces.gob.gt\/wp-content\/uploads\/2025\/07\/quienessomos-768x768.jpg 768w, https:\/\/ces.gob.gt\/wp-content\/uploads\/2025\/07\/quienessomos-100x100.jpg 100w, https:\/\/ces.gob.gt\/wp-content\/uploads\/2025\/07\/quienessomos-600x600.jpg 600w\" sizes=\"(max-width: 640px) 100vw, 640px\" \/>\t\t\t\t\t\t\t\t\t\t\t\t\t\t\t<\/div>\n\t\t\t\t<\/div>\n\t\t\t\t\t<\/div>\n\t\t<\/div>\n\t\t\t\t\t<\/div>\n\t\t<\/section>\n\t\t\t\t\t<\/div>\n\t\t<\/div>\n\t\t\t\t<div class=\"elementor-column elementor-col-50 elementor-top-column elementor-element elementor-element-332ba42\" data-id=\"332ba42\" data-element_type=\"column\">\n\t\t\t<div class=\"elementor-widget-wrap elementor-element-populated\">\n\t\t\t\t\t\t<section class=\"elementor-section elementor-inner-section elementor-element elementor-element-92a7f53 elementor-section-boxed elementor-section-height-default elementor-section-height-default\" data-id=\"92a7f53\" data-element_type=\"section\">\n\t\t\t\t\t\t<div class=\"elementor-container elementor-column-gap-default\">\n\t\t\t\t\t<div class=\"elementor-column elementor-col-100 elementor-inner-column elementor-element elementor-element-cba7dad\" data-id=\"cba7dad\" data-element_type=\"column\">\n\t\t\t<div class=\"elementor-widget-wrap elementor-element-populated\">\n\t\t\t\t\t\t<div class=\"elementor-element elementor-element-6e75866 elementor-widget elementor-widget-back-core-heading\" data-id=\"6e75866\" data-element_type=\"widget\" data-widget_type=\"back-core-heading.default\">\n\t\t\t\t<div class=\"elementor-widget-container\">\n\t\t\t\t\t        <div class=\"back-heading default left \">\r\n            <div class=\"title-inner\">        \t\t      \t\t\r\n\t            <span class=\"sub-text \">Consejo Econ\u00f3mico Social de Guatemala<\/span><h2 class=\"title\"><span class=\"watermark\"><\/span>Reglamentos<\/h2>\t        <\/div>\r\n\t                <\/div>\r\n\r\n        \t\t\t\t<\/div>\n\t\t\t\t<\/div>\n\t\t\t\t\t<\/div>\n\t\t<\/div>\n\t\t\t\t\t<\/div>\n\t\t<\/section>\n\t\t\t\t<div class=\"elementor-element elementor-element-1c50a41 elementor-icon-list--layout-traditional elementor-list-item-link-full_width elementor-widget elementor-widget-icon-list\" data-id=\"1c50a41\" data-element_type=\"widget\" data-widget_type=\"icon-list.default\">\n\t\t\t\t<div class=\"elementor-widget-container\">\n\t\t\t\t\t\t\t<ul class=\"elementor-icon-list-items\">\n\t\t\t\t\t\t\t<li class=\"elementor-icon-list-item\">\n\t\t\t\t\t\t\t\t\t\t\t<a href=\"https:\/\/ces.gob.gt\/wp-content\/uploads\/2025\/07\/reglamento_interno_ces_2014.pdf\">\n\n\t\t\t\t\t\t\t\t\t\t\t\t<span class=\"elementor-icon-list-icon\">\n\t\t\t\t\t\t\t<svg xmlns=\"http:\/\/www.w3.org\/2000\/svg\" viewBox=\"0 0 356.51 455.86\"><defs><style>      .cls-1 {        stroke: #e5e5e5;        stroke-miterlimit: 10;        stroke-width: 5px;      }      .cls-1, .cls-2 {        fill: #fff;      }      .cls-3 {        mix-blend-mode: multiply;        opacity: .17;      }      .cls-3, .cls-4 {        fill: #333;      }      .cls-5 {        fill: #e5e5e5;      }      .cls-6 {        isolation: isolate;      }      .cls-7 {        fill: #f93232;      }      .cls-8 {        fill: #f2f2f2;      }      .cls-9 {        fill: #b3b3b3;      }      .cls-10 {        fill: #bb2626;      }    <\/style><\/defs><g class=\"cls-6\"><g id=\"_\u00ce\u00d3\u00c8_1\" data-name=\"\u2014\u00ce\u00d3\u00c8_1\"><g><path class=\"cls-9\" d=\"M269.37,16.95v1.54l-5.95-5.84H53.66c-9.37,0-16.97,7.52-16.97,16.8v58.76h-7.2c-11.93,0-21.6,9.58-21.6,21.39v87.53h0s6.49,5.12,6.49,5.12h.02l22.29,17.54v219.32c0,9.28,7.6,16.8,16.97,16.8h285.88c9.37,0,16.97-7.52,16.97-16.8V104.09l-87.14-87.15Z\"><\/path><path class=\"cls-1\" d=\"M255.54,4.61H45.77c-9.37,0-16.97,7.52-16.97,16.8v409.66c0,9.28,7.6,16.8,16.97,16.8h285.88c9.37,0,16.97-7.52,16.97-16.8V96.06L255.54,4.61Z\"><\/path><path class=\"cls-3\" d=\"M261.49,81.52c0,10.41,8.52,18.85,19.04,18.85h68.1v-4.31L261.49,8.91v72.61Z\"><\/path><path class=\"cls-8\" d=\"M256.38,74.63c0,10.41,8.52,18.85,19.04,18.85h74.05L256.38,2.02v72.61Z\"><\/path><path class=\"cls-5\" d=\"M304.13,247.69H73.3c-2.15,0-3.9-1.73-3.9-3.86v-13.74c0-2.13,1.74-3.86,3.9-3.86h230.84c2.15,0,3.9,1.73,3.9,3.86v13.74c0,2.13-1.74,3.86-3.9,3.86Z\"><\/path><path class=\"cls-5\" d=\"M304.13,287.59H73.3c-2.15,0-3.9-1.73-3.9-3.86v-13.74c0-2.13,1.74-3.86,3.9-3.86h230.84c2.15,0,3.9,1.73,3.9,3.86v13.74c0,2.13-1.74,3.86-3.9,3.86Z\"><\/path><path class=\"cls-5\" d=\"M304.13,327.49H73.3c-2.15,0-3.9-1.73-3.9-3.86v-13.74c0-2.13,1.74-3.86,3.9-3.86h230.84c2.15,0,3.9,1.73,3.9,3.86v13.74c0,2.13-1.74,3.86-3.9,3.86Z\"><\/path><path class=\"cls-5\" d=\"M304.13,367.39H73.3c-2.15,0-3.9-1.73-3.9-3.86v-13.74c0-2.13,1.74-3.86,3.9-3.86h230.84c2.15,0,3.9,1.73,3.9,3.86v13.74c0,2.13-1.74,3.86-3.9,3.86Z\"><\/path><path class=\"cls-5\" d=\"M304.13,407.29H73.3c-2.15,0-3.9-1.73-3.9-3.86v-13.74c0-2.13,1.74-3.86,3.9-3.86h230.84c2.15,0,3.9,1.73,3.9,3.86v13.74c0,2.13-1.74,3.86-3.9,3.86Z\"><\/path><polygon class=\"cls-10\" points=\"0 189.08 28.8 211.75 28.8 189.08 0 189.08\"><\/polygon><path class=\"cls-4\" d=\"M212.65,85.29H21.6c-11.93,0-21.6,9.58-21.6,21.39v82.42h28.8v5.11h183.85c10.5,0,19.01-8.43,19.01-18.82v-71.27c0-10.4-8.51-18.82-19.01-18.82Z\"><\/path><polygon class=\"cls-4\" points=\"0 189.1 6.49 194.21 28.8 194.21 28.8 189.1 0 189.1\"><\/polygon><path class=\"cls-7\" d=\"M212.65,80.16H21.6c-11.93,0-21.6,9.58-21.6,21.39v87.53h212.65c10.5,0,19.01-8.43,19.01-18.82v-71.27c0-10.4-8.51-18.82-19.01-18.82Z\"><\/path><path class=\"cls-2\" d=\"M80.19,127.05c0,10.27-8.05,19.09-21.14,19.09h-7.43v15.56h-14.87v-53.66h22.3c13.09,0,21.14,8.74,21.14,19.01ZM66.8,127.05c0-3.37-1.94-6.59-8.29-6.59h-6.89v13.26h6.89c6.35,0,8.29-3.3,8.29-6.67Z\"><\/path><path class=\"cls-2\" d=\"M141.75,134.87c0,14.41-9.91,26.83-30.12,26.83h-21.37v-53.66h21.37c20.29,0,30.12,12.42,30.12,26.83ZM127.97,134.87c0-7.97-4.96-14.41-17.34-14.41h-5.58v28.82h5.58c12.39,0,17.34-6.52,17.34-14.41Z\"><\/path><path class=\"cls-2\" d=\"M166.69,120.46v8.2h21.91v12.42h-21.91v20.62h-14.87v-53.66h39.18v12.42h-24.31Z\"><\/path><\/g><\/g><\/g><\/svg>\t\t\t\t\t\t<\/span>\n\t\t\t\t\t\t\t\t\t\t<span class=\"elementor-icon-list-text\">Reglamento Interno del CES<\/span>\n\t\t\t\t\t\t\t\t\t\t\t<\/a>\n\t\t\t\t\t\t\t\t\t<\/li>\n\t\t\t\t\t\t\t\t<li class=\"elementor-icon-list-item\">\n\t\t\t\t\t\t\t\t\t\t\t<a href=\"https:\/\/ces.gob.gt\/wp-content\/uploads\/2025\/07\/Reglamento-Interno-de-Trabajo-CES.pdf\">\n\n\t\t\t\t\t\t\t\t\t\t\t\t<span class=\"elementor-icon-list-icon\">\n\t\t\t\t\t\t\t<svg xmlns=\"http:\/\/www.w3.org\/2000\/svg\" viewBox=\"0 0 356.51 455.86\"><defs><style>      .cls-1 {        stroke: #e5e5e5;        stroke-miterlimit: 10;        stroke-width: 5px;      }      .cls-1, .cls-2 {        fill: #fff;      }      .cls-3 {        mix-blend-mode: multiply;        opacity: .17;      }      .cls-3, .cls-4 {        fill: #333;      }      .cls-5 {        fill: #e5e5e5;      }      .cls-6 {        isolation: isolate;      }      .cls-7 {        fill: #f93232;      }      .cls-8 {        fill: #f2f2f2;      }      .cls-9 {        fill: #b3b3b3;      }      .cls-10 {        fill: #bb2626;      }    <\/style><\/defs><g class=\"cls-6\"><g id=\"_\u00ce\u00d3\u00c8_1\" data-name=\"\u2014\u00ce\u00d3\u00c8_1\"><g><path class=\"cls-9\" d=\"M269.37,16.95v1.54l-5.95-5.84H53.66c-9.37,0-16.97,7.52-16.97,16.8v58.76h-7.2c-11.93,0-21.6,9.58-21.6,21.39v87.53h0s6.49,5.12,6.49,5.12h.02l22.29,17.54v219.32c0,9.28,7.6,16.8,16.97,16.8h285.88c9.37,0,16.97-7.52,16.97-16.8V104.09l-87.14-87.15Z\"><\/path><path class=\"cls-1\" d=\"M255.54,4.61H45.77c-9.37,0-16.97,7.52-16.97,16.8v409.66c0,9.28,7.6,16.8,16.97,16.8h285.88c9.37,0,16.97-7.52,16.97-16.8V96.06L255.54,4.61Z\"><\/path><path class=\"cls-3\" d=\"M261.49,81.52c0,10.41,8.52,18.85,19.04,18.85h68.1v-4.31L261.49,8.91v72.61Z\"><\/path><path class=\"cls-8\" d=\"M256.38,74.63c0,10.41,8.52,18.85,19.04,18.85h74.05L256.38,2.02v72.61Z\"><\/path><path class=\"cls-5\" d=\"M304.13,247.69H73.3c-2.15,0-3.9-1.73-3.9-3.86v-13.74c0-2.13,1.74-3.86,3.9-3.86h230.84c2.15,0,3.9,1.73,3.9,3.86v13.74c0,2.13-1.74,3.86-3.9,3.86Z\"><\/path><path class=\"cls-5\" d=\"M304.13,287.59H73.3c-2.15,0-3.9-1.73-3.9-3.86v-13.74c0-2.13,1.74-3.86,3.9-3.86h230.84c2.15,0,3.9,1.73,3.9,3.86v13.74c0,2.13-1.74,3.86-3.9,3.86Z\"><\/path><path class=\"cls-5\" d=\"M304.13,327.49H73.3c-2.15,0-3.9-1.73-3.9-3.86v-13.74c0-2.13,1.74-3.86,3.9-3.86h230.84c2.15,0,3.9,1.73,3.9,3.86v13.74c0,2.13-1.74,3.86-3.9,3.86Z\"><\/path><path class=\"cls-5\" d=\"M304.13,367.39H73.3c-2.15,0-3.9-1.73-3.9-3.86v-13.74c0-2.13,1.74-3.86,3.9-3.86h230.84c2.15,0,3.9,1.73,3.9,3.86v13.74c0,2.13-1.74,3.86-3.9,3.86Z\"><\/path><path class=\"cls-5\" d=\"M304.13,407.29H73.3c-2.15,0-3.9-1.73-3.9-3.86v-13.74c0-2.13,1.74-3.86,3.9-3.86h230.84c2.15,0,3.9,1.73,3.9,3.86v13.74c0,2.13-1.74,3.86-3.9,3.86Z\"><\/path><polygon class=\"cls-10\" points=\"0 189.08 28.8 211.75 28.8 189.08 0 189.08\"><\/polygon><path class=\"cls-4\" d=\"M212.65,85.29H21.6c-11.93,0-21.6,9.58-21.6,21.39v82.42h28.8v5.11h183.85c10.5,0,19.01-8.43,19.01-18.82v-71.27c0-10.4-8.51-18.82-19.01-18.82Z\"><\/path><polygon class=\"cls-4\" points=\"0 189.1 6.49 194.21 28.8 194.21 28.8 189.1 0 189.1\"><\/polygon><path class=\"cls-7\" d=\"M212.65,80.16H21.6c-11.93,0-21.6,9.58-21.6,21.39v87.53h212.65c10.5,0,19.01-8.43,19.01-18.82v-71.27c0-10.4-8.51-18.82-19.01-18.82Z\"><\/path><path class=\"cls-2\" d=\"M80.19,127.05c0,10.27-8.05,19.09-21.14,19.09h-7.43v15.56h-14.87v-53.66h22.3c13.09,0,21.14,8.74,21.14,19.01ZM66.8,127.05c0-3.37-1.94-6.59-8.29-6.59h-6.89v13.26h6.89c6.35,0,8.29-3.3,8.29-6.67Z\"><\/path><path class=\"cls-2\" d=\"M141.75,134.87c0,14.41-9.91,26.83-30.12,26.83h-21.37v-53.66h21.37c20.29,0,30.12,12.42,30.12,26.83ZM127.97,134.87c0-7.97-4.96-14.41-17.34-14.41h-5.58v28.82h5.58c12.39,0,17.34-6.52,17.34-14.41Z\"><\/path><path class=\"cls-2\" d=\"M166.69,120.46v8.2h21.91v12.42h-21.91v20.62h-14.87v-53.66h39.18v12.42h-24.31Z\"><\/path><\/g><\/g><\/g><\/svg>\t\t\t\t\t\t<\/span>\n\t\t\t\t\t\t\t\t\t\t<span class=\"elementor-icon-list-text\">Reglamento Interno de trabajo del CES<\/span>\n\t\t\t\t\t\t\t\t\t\t\t<\/a>\n\t\t\t\t\t\t\t\t\t<\/li>\n\t\t\t\t\t\t\t\t<li class=\"elementor-icon-list-item\">\n\t\t\t\t\t\t\t\t\t\t\t<a href=\"https:\/\/ces.gob.gt\/wp-content\/uploads\/2025\/07\/LEY-Y-REGLAMENTO-INTERNO-CES.pdf\">\n\n\t\t\t\t\t\t\t\t\t\t\t\t<span class=\"elementor-icon-list-icon\">\n\t\t\t\t\t\t\t<svg xmlns=\"http:\/\/www.w3.org\/2000\/svg\" viewBox=\"0 0 356.51 455.86\"><defs><style>      .cls-1 {        stroke: #e5e5e5;        stroke-miterlimit: 10;        stroke-width: 5px;      }      .cls-1, .cls-2 {        fill: #fff;      }      .cls-3 {        mix-blend-mode: multiply;        opacity: .17;      }      .cls-3, .cls-4 {        fill: #333;      }      .cls-5 {        fill: #e5e5e5;      }      .cls-6 {        isolation: isolate;      }      .cls-7 {        fill: #f93232;      }      .cls-8 {        fill: #f2f2f2;      }      .cls-9 {        fill: #b3b3b3;      }      .cls-10 {        fill: #bb2626;      }    <\/style><\/defs><g class=\"cls-6\"><g id=\"_\u00ce\u00d3\u00c8_1\" data-name=\"\u2014\u00ce\u00d3\u00c8_1\"><g><path class=\"cls-9\" d=\"M269.37,16.95v1.54l-5.95-5.84H53.66c-9.37,0-16.97,7.52-16.97,16.8v58.76h-7.2c-11.93,0-21.6,9.58-21.6,21.39v87.53h0s6.49,5.12,6.49,5.12h.02l22.29,17.54v219.32c0,9.28,7.6,16.8,16.97,16.8h285.88c9.37,0,16.97-7.52,16.97-16.8V104.09l-87.14-87.15Z\"><\/path><path class=\"cls-1\" d=\"M255.54,4.61H45.77c-9.37,0-16.97,7.52-16.97,16.8v409.66c0,9.28,7.6,16.8,16.97,16.8h285.88c9.37,0,16.97-7.52,16.97-16.8V96.06L255.54,4.61Z\"><\/path><path class=\"cls-3\" d=\"M261.49,81.52c0,10.41,8.52,18.85,19.04,18.85h68.1v-4.31L261.49,8.91v72.61Z\"><\/path><path class=\"cls-8\" d=\"M256.38,74.63c0,10.41,8.52,18.85,19.04,18.85h74.05L256.38,2.02v72.61Z\"><\/path><path class=\"cls-5\" d=\"M304.13,247.69H73.3c-2.15,0-3.9-1.73-3.9-3.86v-13.74c0-2.13,1.74-3.86,3.9-3.86h230.84c2.15,0,3.9,1.73,3.9,3.86v13.74c0,2.13-1.74,3.86-3.9,3.86Z\"><\/path><path class=\"cls-5\" d=\"M304.13,287.59H73.3c-2.15,0-3.9-1.73-3.9-3.86v-13.74c0-2.13,1.74-3.86,3.9-3.86h230.84c2.15,0,3.9,1.73,3.9,3.86v13.74c0,2.13-1.74,3.86-3.9,3.86Z\"><\/path><path class=\"cls-5\" d=\"M304.13,327.49H73.3c-2.15,0-3.9-1.73-3.9-3.86v-13.74c0-2.13,1.74-3.86,3.9-3.86h230.84c2.15,0,3.9,1.73,3.9,3.86v13.74c0,2.13-1.74,3.86-3.9,3.86Z\"><\/path><path class=\"cls-5\" d=\"M304.13,367.39H73.3c-2.15,0-3.9-1.73-3.9-3.86v-13.74c0-2.13,1.74-3.86,3.9-3.86h230.84c2.15,0,3.9,1.73,3.9,3.86v13.74c0,2.13-1.74,3.86-3.9,3.86Z\"><\/path><path class=\"cls-5\" d=\"M304.13,407.29H73.3c-2.15,0-3.9-1.73-3.9-3.86v-13.74c0-2.13,1.74-3.86,3.9-3.86h230.84c2.15,0,3.9,1.73,3.9,3.86v13.74c0,2.13-1.74,3.86-3.9,3.86Z\"><\/path><polygon class=\"cls-10\" points=\"0 189.08 28.8 211.75 28.8 189.08 0 189.08\"><\/polygon><path class=\"cls-4\" d=\"M212.65,85.29H21.6c-11.93,0-21.6,9.58-21.6,21.39v82.42h28.8v5.11h183.85c10.5,0,19.01-8.43,19.01-18.82v-71.27c0-10.4-8.51-18.82-19.01-18.82Z\"><\/path><polygon class=\"cls-4\" points=\"0 189.1 6.49 194.21 28.8 194.21 28.8 189.1 0 189.1\"><\/polygon><path class=\"cls-7\" d=\"M212.65,80.16H21.6c-11.93,0-21.6,9.58-21.6,21.39v87.53h212.65c10.5,0,19.01-8.43,19.01-18.82v-71.27c0-10.4-8.51-18.82-19.01-18.82Z\"><\/path><path class=\"cls-2\" d=\"M80.19,127.05c0,10.27-8.05,19.09-21.14,19.09h-7.43v15.56h-14.87v-53.66h22.3c13.09,0,21.14,8.74,21.14,19.01ZM66.8,127.05c0-3.37-1.94-6.59-8.29-6.59h-6.89v13.26h6.89c6.35,0,8.29-3.3,8.29-6.67Z\"><\/path><path class=\"cls-2\" d=\"M141.75,134.87c0,14.41-9.91,26.83-30.12,26.83h-21.37v-53.66h21.37c20.29,0,30.12,12.42,30.12,26.83ZM127.97,134.87c0-7.97-4.96-14.41-17.34-14.41h-5.58v28.82h5.58c12.39,0,17.34-6.52,17.34-14.41Z\"><\/path><path class=\"cls-2\" d=\"M166.69,120.46v8.2h21.91v12.42h-21.91v20.62h-14.87v-53.66h39.18v12.42h-24.31Z\"><\/path><\/g><\/g><\/g><\/svg>\t\t\t\t\t\t<\/span>\n\t\t\t\t\t\t\t\t\t\t<span class=\"elementor-icon-list-text\">Ley org\u00e1nica y reglamento interno<\/span>\n\t\t\t\t\t\t\t\t\t\t\t<\/a>\n\t\t\t\t\t\t\t\t\t<\/li>\n\t\t\t\t\t\t<\/ul>\n\t\t\t\t\t\t<\/div>\n\t\t\t\t<\/div>\n\t\t\t\t\t<\/div>\n\t\t<\/div>\n\t\t\t\t\t<\/div>\n\t\t<\/section>\n\t\t\t\t<\/div>\n\t\t","protected":false},"excerpt":{"rendered":"<p>Consejo Econ\u00f3mico Social de Guatemala Reglamentos Reglamento Interno del CES Reglamento Interno de trabajo del CES Ley org\u00e1nica y reglamento interno<\/p>\n","protected":false},"author":1,"featured_media":0,"parent":0,"menu_order":0,"comment_status":"closed","ping_status":"closed","template":"elementor_header_footer","meta":{"footnotes":""},"class_list":["post-11685","page","type-page","status-publish","hentry"],"_links":{"self":[{"href":"https:\/\/ces.gob.gt\/index.php\/wp-json\/wp\/v2\/pages\/11685","targetHints":{"allow":["GET"]}}],"collection":[{"href":"https:\/\/ces.gob.gt\/index.php\/wp-json\/wp\/v2\/pages"}],"about":[{"href":"https:\/\/ces.gob.gt\/index.php\/wp-json\/wp\/v2\/types\/page"}],"author":[{"embeddable":true,"href":"https:\/\/ces.gob.gt\/index.php\/wp-json\/wp\/v2\/users\/1"}],"replies":[{"embeddable":true,"href":"https:\/\/ces.gob.gt\/index.php\/wp-json\/wp\/v2\/comments?post=11685"}],"version-history":[{"count":4,"href":"https:\/\/ces.gob.gt\/index.php\/wp-json\/wp\/v2\/pages\/11685\/revisions"}],"predecessor-version":[{"id":11689,"href":"https:\/\/ces.gob.gt\/index.php\/wp-json\/wp\/v2\/pages\/11685\/revisions\/11689"}],"wp:attachment":[{"href":"https:\/\/ces.gob.gt\/index.php\/wp-json\/wp\/v2\/media?parent=11685"}],"curies":[{"name":"wp","href":"https:\/\/api.w.org\/{rel}","templated":true}]}}