{"id":4681,"date":"2025-07-21T10:25:48","date_gmt":"2025-07-21T08:25:48","guid":{"rendered":"https:\/\/ces.gob.gt\/?page_id=4681"},"modified":"2025-12-15T18:58:02","modified_gmt":"2025-12-15T17:58:02","slug":"organigrama","status":"publish","type":"page","link":"https:\/\/ces.gob.gt\/index.php\/organigrama\/","title":{"rendered":"Organigrama"},"content":{"rendered":"\t\t<div data-elementor-type=\"wp-page\" data-elementor-id=\"4681\" class=\"elementor elementor-4681\" data-elementor-post-type=\"page\">\n\t\t\t\t\t\t<section class=\"elementor-section elementor-top-section elementor-element elementor-element-0f17280 elementor-section-stretched elementor-section-content-middle elementor-section-boxed elementor-section-height-default elementor-section-height-default\" data-id=\"0f17280\" data-element_type=\"section\" data-settings=\"{&quot;stretch_section&quot;:&quot;section-stretched&quot;}\">\n\t\t\t\t\t\t<div class=\"elementor-container elementor-column-gap-default\">\n\t\t\t\t\t<div class=\"elementor-column elementor-col-100 elementor-top-column elementor-element elementor-element-332ba42\" data-id=\"332ba42\" data-element_type=\"column\">\n\t\t\t<div class=\"elementor-widget-wrap elementor-element-populated\">\n\t\t\t\t\t\t<div class=\"elementor-element elementor-element-6e75866 elementor-widget elementor-widget-back-core-heading\" data-id=\"6e75866\" data-element_type=\"widget\" data-widget_type=\"back-core-heading.default\">\n\t\t\t\t<div class=\"elementor-widget-container\">\n\t\t\t\t\t        <div class=\"back-heading default center \">\r\n            <div class=\"title-inner\">        \t\t      \t\t\r\n\t            <span class=\"sub-text \">ESTRUCTURA DEL CONSEJO ECON\u00d3MICO Y SOCIAL DE GUATEMALA<\/span><h2 class=\"title\"><span class=\"watermark\"><\/span>Organigrama<\/h2>\t        <\/div>\r\n\t                    \t<div class=\"description\">\r\n            \t\t<p>El Consejo Econ\u00f3mico y Social de Guatemala -CES- est\u00e1 compuesto por una Asamblea y por la Secretar\u00eda T\u00e9cnica. La Asamblea se compone por veinticinco personas. Veinticuatro personas act\u00faan como consejeros en representaci\u00f3n de los sectores productivos y una ejerce como presidente del Consejo.<\/p>            \t\t\r\n            \t<\/div>\r\n        \t        <\/div>\r\n\r\n        \t\t\t\t<\/div>\n\t\t\t\t<\/div>\n\t\t\t\t\t<\/div>\n\t\t<\/div>\n\t\t\t\t\t<\/div>\n\t\t<\/section>\n\t\t\t\t<section class=\"elementor-section elementor-top-section elementor-element elementor-element-ce059a2 elementor-section-stretched elementor-section-content-middle elementor-section-boxed elementor-section-height-default elementor-section-height-default\" data-id=\"ce059a2\" data-element_type=\"section\" data-settings=\"{&quot;stretch_section&quot;:&quot;section-stretched&quot;}\">\n\t\t\t\t\t\t<div class=\"elementor-container elementor-column-gap-default\">\n\t\t\t\t\t<div class=\"elementor-column elementor-col-100 elementor-top-column elementor-element elementor-element-895bcd6\" data-id=\"895bcd6\" data-element_type=\"column\">\n\t\t\t<div class=\"elementor-widget-wrap elementor-element-populated\">\n\t\t\t\t\t\t<section class=\"elementor-section elementor-inner-section elementor-element elementor-element-41ed9c0 elementor-section-content-top elementor-section-boxed elementor-section-height-default elementor-section-height-default\" data-id=\"41ed9c0\" data-element_type=\"section\">\n\t\t\t\t\t\t<div class=\"elementor-container elementor-column-gap-default\">\n\t\t\t\t\t<div class=\"elementor-column elementor-col-100 elementor-inner-column elementor-element elementor-element-a2c044d\" data-id=\"a2c044d\" data-element_type=\"column\">\n\t\t\t<div class=\"elementor-widget-wrap elementor-element-populated\">\n\t\t\t\t\t\t<div class=\"elementor-element elementor-element-7b49213 elementor-widget elementor-widget-image\" data-id=\"7b49213\" data-element_type=\"widget\" data-widget_type=\"image.default\">\n\t\t\t\t<div class=\"elementor-widget-container\">\n\t\t\t\t\t\t\t\t\t\t\t\t\t\t\t<img fetchpriority=\"high\" decoding=\"async\" width=\"1350\" height=\"565\" src=\"https:\/\/ces.gob.gt\/wp-content\/uploads\/2025\/12\/organigrama-CES-SITIO.jpg\" class=\"attachment-full size-full wp-image-13975\" alt=\"\" srcset=\"https:\/\/ces.gob.gt\/wp-content\/uploads\/2025\/12\/organigrama-CES-SITIO.jpg 1350w, https:\/\/ces.gob.gt\/wp-content\/uploads\/2025\/12\/organigrama-CES-SITIO-300x126.jpg 300w, https:\/\/ces.gob.gt\/wp-content\/uploads\/2025\/12\/organigrama-CES-SITIO-1024x429.jpg 1024w, https:\/\/ces.gob.gt\/wp-content\/uploads\/2025\/12\/organigrama-CES-SITIO-768x321.jpg 768w\" sizes=\"(max-width: 1350px) 100vw, 1350px\" \/>\t\t\t\t\t\t\t\t\t\t\t\t\t\t\t<\/div>\n\t\t\t\t<\/div>\n\t\t\t\t\t<\/div>\n\t\t<\/div>\n\t\t\t\t\t<\/div>\n\t\t<\/section>\n\t\t\t\t\t<\/div>\n\t\t<\/div>\n\t\t\t\t\t<\/div>\n\t\t<\/section>\n\t\t\t\t<section class=\"elementor-section elementor-top-section elementor-element elementor-element-33405f3 elementor-section-stretched elementor-section-content-middle elementor-section-boxed elementor-section-height-default elementor-section-height-default\" data-id=\"33405f3\" data-element_type=\"section\" data-settings=\"{&quot;stretch_section&quot;:&quot;section-stretched&quot;}\">\n\t\t\t\t\t\t<div class=\"elementor-container elementor-column-gap-default\">\n\t\t\t\t\t<div class=\"elementor-column elementor-col-100 elementor-top-column elementor-element elementor-element-13bcb09\" data-id=\"13bcb09\" data-element_type=\"column\">\n\t\t\t<div class=\"elementor-widget-wrap elementor-element-populated\">\n\t\t\t\t\t\t<div class=\"elementor-element elementor-element-68f9bd9 elementor-widget elementor-widget-back-core-heading\" data-id=\"68f9bd9\" data-element_type=\"widget\" data-widget_type=\"back-core-heading.default\">\n\t\t\t\t<div class=\"elementor-widget-container\">\n\t\t\t\t\t        <div class=\"back-heading default center \">\r\n            <div class=\"title-inner\">        \t\t      \t\t\r\n\t            <span class=\"sub-text \">La composici\u00f3n espec\u00edfica del Consejo es la siguiente:<\/span><h2 class=\"title\"><span class=\"watermark\"><\/span>Secretario T\u00e9cnico<\/h2>\t        <\/div>\r\n\t                    \t<div class=\"description\">\r\n            \t\t<p>Bernado Jesus L\u00f3pez Figueroa\u00a0<\/p>            \t\t\r\n            \t<\/div>\r\n        \t        <\/div>\r\n\r\n        \t\t\t\t<\/div>\n\t\t\t\t<\/div>\n\t\t\t\t<div class=\"elementor-element elementor-element-d7734b2 elementor-widget elementor-widget-back-core-heading\" data-id=\"d7734b2\" data-element_type=\"widget\" data-widget_type=\"back-core-heading.default\">\n\t\t\t\t<div class=\"elementor-widget-container\">\n\t\t\t\t\t        <div class=\"back-heading default center \">\r\n            <div class=\"title-inner\">        \t\t      \t\t\r\n\t            <h2 class=\"title\"><span class=\"watermark\"><\/span>Presidente en funciones del Sector Empresarial<\/h2>\t        <\/div>\r\n\t                    \t<div class=\"description\">\r\n            \t\t<p>Otto Arturo Kuhsiek Mendoza<\/p>            \t\t\r\n            \t<\/div>\r\n        \t        <\/div>\r\n\r\n        \t\t\t\t<\/div>\n\t\t\t\t<\/div>\n\t\t\t\t\t<\/div>\n\t\t<\/div>\n\t\t\t\t\t<\/div>\n\t\t<\/section>\n\t\t\t\t<section class=\"elementor-section elementor-top-section elementor-element elementor-element-4e02d01 elementor-section-stretched elementor-section-content-middle elementor-section-boxed elementor-section-height-default elementor-section-height-default\" data-id=\"4e02d01\" data-element_type=\"section\" data-settings=\"{&quot;stretch_section&quot;:&quot;section-stretched&quot;}\">\n\t\t\t\t\t\t<div class=\"elementor-container elementor-column-gap-default\">\n\t\t\t\t\t<div class=\"elementor-column elementor-col-50 elementor-top-column elementor-element elementor-element-0289cbc\" data-id=\"0289cbc\" data-element_type=\"column\">\n\t\t\t<div class=\"elementor-widget-wrap elementor-element-populated\">\n\t\t\t\t\t\t<div class=\"elementor-element elementor-element-b6bb4e4 elementor-widget elementor-widget-back-core-heading\" data-id=\"b6bb4e4\" data-element_type=\"widget\" data-widget_type=\"back-core-heading.default\">\n\t\t\t\t<div class=\"elementor-widget-container\">\n\t\t\t\t\t        <div class=\"back-heading default left \">\r\n            <div class=\"title-inner\">        \t\t      \t\t\r\n\t            <h2 class=\"title\"><span class=\"watermark\"><\/span>A) OCHO (8) REPRESENTANTES TITULARES DE LAS ORGANIZACIONES DE EMPRESARIOS.<\/h2>\t        <\/div>\r\n\t                    \t<div class=\"description\">\r\n            \t\t<ol><li>Otto Arturo Kuhsiek Mendoza.- Presidente en funciones<\/li><li>Mar\u00eda Cleofas Tuyuc Vel\u00e1squez de Curruchiche.<\/li><li>Consuelo Beneitez de la Piedad de Pa\u00edz.<\/li><li>Ricardo Obiols Bola\u00f1os.<\/li><li>\u00a0Jos\u00e9 Ignacio Lejarraga Estrada.<\/li><li>Mar\u00eda Jos\u00e9 Nichols Alvarez.<\/li><li>Roberto Ren\u00e9 Ard\u00f3n Qui\u00f1onez.<\/li><li>Stefano Carlo Olivero Ros<\/li><\/ol>            \t\t\r\n            \t<\/div>\r\n        \t        <\/div>\r\n\r\n        \t\t\t\t<\/div>\n\t\t\t\t<\/div>\n\t\t\t\t<div class=\"elementor-element elementor-element-50b3ef3 elementor-widget elementor-widget-back-core-heading\" data-id=\"50b3ef3\" data-element_type=\"widget\" data-widget_type=\"back-core-heading.default\">\n\t\t\t\t<div class=\"elementor-widget-container\">\n\t\t\t\t\t        <div class=\"back-heading default left \">\r\n            <div class=\"title-inner\">        \t\t      \t\t\r\n\t            <h2 class=\"title\"><span class=\"watermark\"><\/span>B) OCHO (8) REPRESENTANTES TITULARES DE LAS ORGANIZACIONES DE TRABAJADORES.<\/h2>\t        <\/div>\r\n\t                    \t<div class=\"description\">\r\n            \t\t<ol><li>Lu\u00eds Antonio Tom\u00e1s Vicente.<\/li><li>Alberto Antonio Boj Gonz\u00e1lez.<\/li><li>Alba Maril\u00fa M\u00e9ndez Gonz\u00e1lez.<\/li><li>Joel Antonio L\u00f3pez y L\u00f3pez.<\/li><li>Rodrigo Eugenio Hern\u00e1ndez Boche.<\/li><li>Windy Ren\u00e9 Aceituno Matta.<\/li><\/ol>            \t\t\r\n            \t<\/div>\r\n        \t        <\/div>\r\n\r\n        \t\t\t\t<\/div>\n\t\t\t\t<\/div>\n\t\t\t\t<div class=\"elementor-element elementor-element-7dd0ab2 elementor-widget elementor-widget-back-core-heading\" data-id=\"7dd0ab2\" data-element_type=\"widget\" data-widget_type=\"back-core-heading.default\">\n\t\t\t\t<div class=\"elementor-widget-container\">\n\t\t\t\t\t        <div class=\"back-heading default left \">\r\n            <div class=\"title-inner\">        \t\t      \t\t\r\n\t            <h2 class=\"title\"><span class=\"watermark\"><\/span>C) OCHO (8) REPRESENTANTES TITULARES DE LAS ORGANIZACIONES DE COOPERATIVAS.<\/h2>\t        <\/div>\r\n\t                    \t<div class=\"description\">\r\n            \t\t<ol><li>Edwin Leonel Delgado Hern\u00e1ndez.- Vicepresidente<\/li><li>Miriam Marlene Chocooj Pacay de Hengstenberg.<\/li><li>Luis Alberto Aquino Barrientos.<\/li><li>David Herberth Ariel N\u00e1jera Vel\u00e1squez.<\/li><li>Oswaldo Garc\u00eda Le\u00f3n.<\/li><li>Mar\u00eda Magdi Estrada de Le\u00f3n.<\/li><li>Hector Yac Chuc.<\/li><li>Ronald Fernando P\u00e9rez Maldonado.<\/li><\/ol>            \t\t\r\n            \t<\/div>\r\n        \t        <\/div>\r\n\r\n        \t\t\t\t<\/div>\n\t\t\t\t<\/div>\n\t\t\t\t\t<\/div>\n\t\t<\/div>\n\t\t\t\t<div class=\"elementor-column elementor-col-50 elementor-top-column elementor-element elementor-element-894d02d\" data-id=\"894d02d\" data-element_type=\"column\">\n\t\t\t<div class=\"elementor-widget-wrap elementor-element-populated\">\n\t\t\t\t\t\t<div class=\"elementor-element elementor-element-d9a2ea0 elementor-widget elementor-widget-back-core-heading\" data-id=\"d9a2ea0\" data-element_type=\"widget\" data-widget_type=\"back-core-heading.default\">\n\t\t\t\t<div class=\"elementor-widget-container\">\n\t\t\t\t\t        <div class=\"back-heading default left \">\r\n            <div class=\"title-inner\">        \t\t      \t\t\r\n\t            <h2 class=\"title\"><span class=\"watermark\"><\/span>A1) DELEGADOS SUPLENTES DE LAS ORGANIZACIONES DE EMPRESARIOS<\/h2>\t        <\/div>\r\n\t                    \t<div class=\"description\">\r\n            \t\t<ol><li>Andr\u00e9s Scheilenberg Valenzuela.<\/li><li>Carmen Mar\u00eda Torrebiarte Benford.<\/li><li>Mar\u00eda Ester Espa\u00f1a Guerra de D\u00edaz.<\/li><li>Marco Antonio Solares Perez.<\/li><\/ol><p>\u00a0<\/p><p>\u00a0<\/p>            \t\t\r\n            \t<\/div>\r\n        \t        <\/div>\r\n\r\n        \t\t\t\t<\/div>\n\t\t\t\t<\/div>\n\t\t\t\t<div class=\"elementor-element elementor-element-e95578c elementor-widget elementor-widget-back-core-heading\" data-id=\"e95578c\" data-element_type=\"widget\" data-widget_type=\"back-core-heading.default\">\n\t\t\t\t<div class=\"elementor-widget-container\">\n\t\t\t\t\t        <div class=\"back-heading default left \">\r\n            <div class=\"title-inner\">        \t\t      \t\t\r\n\t            <h2 class=\"title\"><span class=\"watermark\"><\/span>B1) DELEGADOS SUPLENTES DE LAS ORGANIZACIONES DE TRABAJADORES<\/h2>\t        <\/div>\r\n\t                    \t<div class=\"description\">\r\n            \t\t<ol><li>Jorge Augusto Navas Mart\u00ednez.<\/li><li>Orciny Lemus God\u00ednez de Ordo\u00f1ez.<\/li><li>Jos\u00e9 Lazar\u00f3 Sanum .<\/li><li>Liliana Violeta Arreaga Meza.<\/li><\/ol><p>\u00a0<\/p>            \t\t\r\n            \t<\/div>\r\n        \t        <\/div>\r\n\r\n        \t\t\t\t<\/div>\n\t\t\t\t<\/div>\n\t\t\t\t<div class=\"elementor-element elementor-element-5103531 elementor-widget elementor-widget-back-core-heading\" data-id=\"5103531\" data-element_type=\"widget\" data-widget_type=\"back-core-heading.default\">\n\t\t\t\t<div class=\"elementor-widget-container\">\n\t\t\t\t\t        <div class=\"back-heading default left \">\r\n            <div class=\"title-inner\">        \t\t      \t\t\r\n\t            <h2 class=\"title\"><span class=\"watermark\"><\/span>C1) DELEGADOS SUPLENTES DE LAS ORGANIZACIONES DE COOPERATIVAS\n<\/h2>\t        <\/div>\r\n\t                    \t<div class=\"description\">\r\n            \t\t<ol><li>Belen Alejandra C\u00e1rdenas Zamora de Castro.<\/li><li>V\u00edctor Isau de Le\u00f3n Aguilar.<\/li><li>Wilve Jos\u00e9 Salazar Arredondo.<\/li><li>Danilo Eduardo L\u00e9mus Fuentes.<\/li><\/ol>            \t\t\r\n            \t<\/div>\r\n        \t        <\/div>\r\n\r\n        \t\t\t\t<\/div>\n\t\t\t\t<\/div>\n\t\t\t\t\t<\/div>\n\t\t<\/div>\n\t\t\t\t\t<\/div>\n\t\t<\/section>\n\t\t\t\t<\/div>\n\t\t","protected":false},"excerpt":{"rendered":"<p>ESTRUCTURA DEL CONSEJO ECON\u00d3MICO Y SOCIAL DE GUATEMALA Organigrama El Consejo Econ\u00f3mico y Social de Guatemala -CES- est\u00e1 compuesto por una Asamblea y por la Secretar\u00eda T\u00e9cnica. La Asamblea se compone por veinticinco personas. Veinticuatro personas act\u00faan como consejeros en representaci\u00f3n de los sectores productivos y una ejerce como presidente del Consejo. La composici\u00f3n espec\u00edfica&#8230;<\/p>\n","protected":false},"author":1,"featured_media":0,"parent":0,"menu_order":0,"comment_status":"closed","ping_status":"closed","template":"elementor_header_footer","meta":{"footnotes":""},"class_list":["post-4681","page","type-page","status-publish","hentry"],"_links":{"self":[{"href":"https:\/\/ces.gob.gt\/index.php\/wp-json\/wp\/v2\/pages\/4681","targetHints":{"allow":["GET"]}}],"collection":[{"href":"https:\/\/ces.gob.gt\/index.php\/wp-json\/wp\/v2\/pages"}],"about":[{"href":"https:\/\/ces.gob.gt\/index.php\/wp-json\/wp\/v2\/types\/page"}],"author":[{"embeddable":true,"href":"https:\/\/ces.gob.gt\/index.php\/wp-json\/wp\/v2\/users\/1"}],"replies":[{"embeddable":true,"href":"https:\/\/ces.gob.gt\/index.php\/wp-json\/wp\/v2\/comments?post=4681"}],"version-history":[{"count":31,"href":"https:\/\/ces.gob.gt\/index.php\/wp-json\/wp\/v2\/pages\/4681\/revisions"}],"predecessor-version":[{"id":13987,"href":"https:\/\/ces.gob.gt\/index.php\/wp-json\/wp\/v2\/pages\/4681\/revisions\/13987"}],"wp:attachment":[{"href":"https:\/\/ces.gob.gt\/index.php\/wp-json\/wp\/v2\/media?parent=4681"}],"curies":[{"name":"wp","href":"https:\/\/api.w.org\/{rel}","templated":true}]}}