{"id":4734,"date":"2025-07-28T04:54:23","date_gmt":"2025-07-28T02:54:23","guid":{"rendered":"https:\/\/ces.gob.gt\/?page_id=4734"},"modified":"2026-01-12T06:50:30","modified_gmt":"2026-01-12T05:50:30","slug":"informacion-publica","status":"publish","type":"page","link":"https:\/\/ces.gob.gt\/index.php\/informacion-publica\/","title":{"rendered":"Informaci\u00f3n p\u00fablica"},"content":{"rendered":"\t\t<div data-elementor-type=\"wp-page\" data-elementor-id=\"4734\" class=\"elementor elementor-4734\" data-elementor-post-type=\"page\">\n\t\t\t\t\t\t<section class=\"elementor-section elementor-top-section elementor-element elementor-element-973bd6e elementor-section-stretched elementor-section-full_width elementor-section-height-default elementor-section-height-default\" data-id=\"973bd6e\" data-element_type=\"section\" data-settings=\"{&quot;stretch_section&quot;:&quot;section-stretched&quot;,&quot;background_background&quot;:&quot;classic&quot;}\">\n\t\t\t\t\t\t<div class=\"elementor-container elementor-column-gap-default\">\n\t\t\t\t\t<div class=\"elementor-column elementor-col-100 elementor-top-column elementor-element elementor-element-638a15c\" data-id=\"638a15c\" data-element_type=\"column\">\n\t\t\t<div class=\"elementor-widget-wrap elementor-element-populated\">\n\t\t\t\t\t\t<section class=\"elementor-section elementor-inner-section elementor-element elementor-element-145541c elementor-section-boxed elementor-section-height-default elementor-section-height-default\" data-id=\"145541c\" data-element_type=\"section\">\n\t\t\t\t\t\t<div class=\"elementor-container elementor-column-gap-default\">\n\t\t\t\t\t<div class=\"elementor-column elementor-col-33 elementor-inner-column elementor-element elementor-element-8b1d02a\" data-id=\"8b1d02a\" data-element_type=\"column\">\n\t\t\t<div class=\"elementor-widget-wrap\">\n\t\t\t\t\t\t\t<\/div>\n\t\t<\/div>\n\t\t\t\t<div class=\"elementor-column elementor-col-33 elementor-inner-column elementor-element elementor-element-54e709c\" data-id=\"54e709c\" data-element_type=\"column\">\n\t\t\t<div class=\"elementor-widget-wrap elementor-element-populated\">\n\t\t\t\t\t\t<div class=\"elementor-element elementor-element-7bbd18e elementor-widget elementor-widget-back-core-heading\" data-id=\"7bbd18e\" data-element_type=\"widget\" data-widget_type=\"back-core-heading.default\">\n\t\t\t\t<div class=\"elementor-widget-container\">\n\t\t\t\t\t        <div class=\"back-heading default left \">\r\n            <div class=\"title-inner\">        \t\t      \t\t\r\n\t            <span class=\"sub-text \">Consejo Econ\u00f3mico y Social de Guatemala<\/span><h2 class=\"title\"><span class=\"watermark\"><\/span>Portal de acceso a la informaci\u00f3n p\u00fablica<\/h2>\t        <\/div>\r\n\t                    \t<div class=\"description\">\r\n            \t\t<p>El Consejo Econ\u00f3mico y Social de Guatemala, en cumplimiento de la Ley de Acceso a la Informaci\u00f3n P\u00fablica, facilita el acceso a la informaci\u00f3n que genera.<br data-start=\"1053\" data-end=\"1056\" \/>Este espacio permite consultar, descargar y utilizar datos p\u00fablicos de manera transparente.<br data-start=\"1151\" data-end=\"1154\" \/>Tambi\u00e9n puedes realizar solicitudes de informaci\u00f3n en formatos accesibles y actualizados.<\/p>            \t\t\r\n            \t<\/div>\r\n        \t        <\/div>\r\n\r\n        \t\t\t\t<\/div>\n\t\t\t\t<\/div>\n\t\t\t\t\t<\/div>\n\t\t<\/div>\n\t\t\t\t<div class=\"elementor-column elementor-col-33 elementor-inner-column elementor-element elementor-element-46fdfff\" data-id=\"46fdfff\" data-element_type=\"column\">\n\t\t\t<div class=\"elementor-widget-wrap\">\n\t\t\t\t\t\t\t<\/div>\n\t\t<\/div>\n\t\t\t\t\t<\/div>\n\t\t<\/section>\n\t\t\t\t<section class=\"elementor-section elementor-inner-section elementor-element elementor-element-d73c0b7 elementor-section-boxed elementor-section-height-default elementor-section-height-default elementor-invisible\" data-id=\"d73c0b7\" data-element_type=\"section\" data-settings=\"{&quot;animation&quot;:&quot;fadeInUp&quot;}\">\n\t\t\t\t\t\t<div class=\"elementor-container elementor-column-gap-default\">\n\t\t\t\t\t<div class=\"elementor-column elementor-col-25 elementor-inner-column elementor-element elementor-element-037de88\" data-id=\"037de88\" data-element_type=\"column\">\n\t\t\t<div class=\"elementor-widget-wrap elementor-element-populated\">\n\t\t\t\t\t\t<div class=\"elementor-element elementor-element-147aa85 elementor-widget elementor-widget-back-service-grid-boxes\" data-id=\"147aa85\" data-element_type=\"widget\" data-widget_type=\"back-service-grid-boxes.default\">\n\t\t\t\t<div class=\"elementor-widget-container\">\n\t\t\t\t\t\t\t\r\n\t\t<div class=\"back-addon-services services-style1 shape_disable\">\r\n\t\t    <div class=\"services-part\">\r\n\r\n\t\t    \t\t\t    \t\t\t\r\n\t    \t\t\t<div class=\"services-icon image\">\r\n\t\t\t    \t\t\t\t\t    \t\t\r\n\t\t\t    \t\t\t\t\t    \t\t\t<img decoding=\"async\" class=\"main-img\" src=\"https:\/\/ces.gob.gt\/wp-content\/uploads\/2025\/07\/iconos-03-1.svg\" alt=\"image\"\/>\t\r\n\t\t\t    \t\t\t\t    \t\t<\/div>\r\n\t\t    \t\t\t    \t\t       \r\n\t\t\t    <div class=\"services-text\">\r\n\r\n\t    \t    \t\t    \t\t    \t<div class=\"services-title\">\r\n\t    \t\t    \t\t    \t\t    \t\t\t    \t\t  \t\t\t\t\t\t\t    \t\t\t\r\n\t    \t\t    \t\t<h3  class=\"title\"> <a href=\"https:\/\/ces.gob.gt\/index.php\/ley-de-acceso-a-la-informaicon-publica\/\" >Ley de acceso a la informaci\u00f3n p\u00fablica<\/a><\/h3>\r\n\t    \t\t    \t\t\t\t\t\t    \t\t\r\n\t    \t\t    \t<\/div>\r\n\t    \t    \t\t\t\t\t    \r\n\t\t\t    \t\t\t\t    \t\r\n    \t    \t\t\t    \t    \t\t\t\t    \t\t    \t<div class=\"services-btn-part\">\r\n\t\t    \t\t    \t\t\t    \t\t    \t\t\t<a class=\"services-btn services-btn-text\" href=\"https:\/\/ces.gob.gt\/index.php\/ley-de-acceso-a-la-informaicon-publica\/\">\r\n\t    \t\t    \t\t\t\t<span class=\"btn_text\">\r\n\t    \t\t    \t\t\t\t\tIngresar <i class=\"ri-arrow-right-line\"><\/i>   \t\t\t\t\t\t\r\n\t    \t\t    \t\t\t\t<\/span>    \t\t    \t\t\t\t\r\n\t    \t\t    \t\t\t<\/a>\r\n\t\t    \t\t    \t<\/div>\r\n\t\t    \t    \t\t\t    \t    \t\t\t    <\/div>\r\n\t\t\t<\/div>\r\n\t\t<\/div>\t\r\n\t\t\r\n\t\t\t\t\t<\/div>\n\t\t\t\t<\/div>\n\t\t\t\t\t<\/div>\n\t\t<\/div>\n\t\t\t\t<div class=\"elementor-column elementor-col-25 elementor-inner-column elementor-element elementor-element-8ad2090\" data-id=\"8ad2090\" data-element_type=\"column\">\n\t\t\t<div class=\"elementor-widget-wrap elementor-element-populated\">\n\t\t\t\t\t\t<div class=\"elementor-element elementor-element-ecb8fcf elementor-widget elementor-widget-back-service-grid-boxes\" data-id=\"ecb8fcf\" data-element_type=\"widget\" data-widget_type=\"back-service-grid-boxes.default\">\n\t\t\t\t<div class=\"elementor-widget-container\">\n\t\t\t\t\t\t\t\r\n\t\t<div class=\"back-addon-services services-style1 shape_disable\">\r\n\t\t    <div class=\"services-part\">\r\n\r\n\t\t    \t\t\t    \t\t\t\r\n\t    \t\t\t<div class=\"services-icon image\">\r\n\t\t\t    \t\t\t\t\t    \t\t\r\n\t\t\t    \t\t\t\t\t    \t\t\t<img decoding=\"async\" class=\"main-img\" src=\"https:\/\/ces.gob.gt\/wp-content\/uploads\/2025\/07\/iconos-02-1.svg\" alt=\"image\"\/>\t\r\n\t\t\t    \t\t\t\t    \t\t<\/div>\r\n\t\t    \t\t\t    \t\t       \r\n\t\t\t    <div class=\"services-text\">\r\n\r\n\t    \t    \t\t    \t\t    \t<div class=\"services-title\">\r\n\t    \t\t    \t\t    \t\t    \t\t\t    \t\t  \t\t\t\t\t\t\t    \t\t\t\r\n\t    \t\t    \t\t<h3  class=\"title\"> <a href=\"https:\/\/ces.gob.gt\/index.php\/informacion-publica\/solicitud-de-informacion-publica\/\" >Solicitud de Informaci\u00f3n p\u00fablica<\/a><\/h3>\r\n\t    \t\t    \t\t\t\t\t\t    \t\t\r\n\t    \t\t    \t<\/div>\r\n\t    \t    \t\t\t\t\t    \r\n\t\t\t    \t\t\t\t    \t\r\n    \t    \t\t\t    \t    \t\t\t\t    \t\t    \t<div class=\"services-btn-part\">\r\n\t\t    \t\t    \t\t\t    \t\t    \t\t\t<a class=\"services-btn services-btn-text\" href=\"https:\/\/ces.gob.gt\/index.php\/informacion-publica\/solicitud-de-informacion-publica\/\">\r\n\t    \t\t    \t\t\t\t<span class=\"btn_text\">\r\n\t    \t\t    \t\t\t\t\tIngresar <i class=\"ri-arrow-right-line\"><\/i>   \t\t\t\t\t\t\r\n\t    \t\t    \t\t\t\t<\/span>    \t\t    \t\t\t\t\r\n\t    \t\t    \t\t\t<\/a>\r\n\t\t    \t\t    \t<\/div>\r\n\t\t    \t    \t\t\t    \t    \t\t\t    <\/div>\r\n\t\t\t<\/div>\r\n\t\t<\/div>\t\r\n\t\t\r\n\t\t\t\t\t<\/div>\n\t\t\t\t<\/div>\n\t\t\t\t\t<\/div>\n\t\t<\/div>\n\t\t\t\t<div class=\"elementor-column elementor-col-25 elementor-inner-column elementor-element elementor-element-157fbbb\" data-id=\"157fbbb\" data-element_type=\"column\">\n\t\t\t<div class=\"elementor-widget-wrap elementor-element-populated\">\n\t\t\t\t\t\t<div class=\"elementor-element elementor-element-693c26d elementor-widget elementor-widget-back-service-grid-boxes\" data-id=\"693c26d\" data-element_type=\"widget\" data-widget_type=\"back-service-grid-boxes.default\">\n\t\t\t\t<div class=\"elementor-widget-container\">\n\t\t\t\t\t\t\t\r\n\t\t<div class=\"back-addon-services services-style1 shape_disable\">\r\n\t\t    <div class=\"services-part\">\r\n\r\n\t\t    \t\t\t    \t\t\t\r\n\t    \t\t\t<div class=\"services-icon image\">\r\n\t\t\t    \t\t\t\t\t    \t\t\r\n\t\t\t    \t\t\t\t\t    \t\t\t<img decoding=\"async\" class=\"main-img\" src=\"https:\/\/ces.gob.gt\/wp-content\/uploads\/2025\/07\/iconos-01-1.svg\" alt=\"image\"\/>\t\r\n\t\t\t    \t\t\t\t    \t\t<\/div>\r\n\t\t    \t\t\t    \t\t       \r\n\t\t\t    <div class=\"services-text\">\r\n\r\n\t    \t    \t\t    \t\t    \t<div class=\"services-title\">\r\n\t    \t\t    \t\t    \t\t    \t\t\t    \t\t  \t\t\t\t\t\t\t    \t\t\t\r\n\t    \t\t    \t\t<h3  class=\"title\"> <a href=\"https:\/\/ces.gob.gt\/index.php\/informacion-publica\/informacion-publica-de-oficio\/\" >Informaci\u00f3n p\u00fablica de oficio<\/a><\/h3>\r\n\t    \t\t    \t\t\t\t\t\t    \t\t\r\n\t    \t\t    \t<\/div>\r\n\t    \t    \t\t\t\t\t    \r\n\t\t\t    \t\t\t\t    \t\r\n    \t    \t\t\t    \t    \t\t\t\t    \t\t    \t<div class=\"services-btn-part\">\r\n\t\t    \t\t    \t\t\t    \t\t    \t\t\t<a class=\"services-btn services-btn-text\" href=\"https:\/\/ces.gob.gt\/index.php\/informacion-publica\/informacion-publica-de-oficio\/\">\r\n\t    \t\t    \t\t\t\t<span class=\"btn_text\">\r\n\t    \t\t    \t\t\t\t\tIngresar <i class=\"ri-arrow-right-line\"><\/i>   \t\t\t\t\t\t\r\n\t    \t\t    \t\t\t\t<\/span>    \t\t    \t\t\t\t\r\n\t    \t\t    \t\t\t<\/a>\r\n\t\t    \t\t    \t<\/div>\r\n\t\t    \t    \t\t\t    \t    \t\t\t    <\/div>\r\n\t\t\t<\/div>\r\n\t\t<\/div>\t\r\n\t\t\r\n\t\t\t\t\t<\/div>\n\t\t\t\t<\/div>\n\t\t\t\t\t<\/div>\n\t\t<\/div>\n\t\t\t\t<div class=\"elementor-column elementor-col-25 elementor-inner-column elementor-element elementor-element-a2757e4\" data-id=\"a2757e4\" data-element_type=\"column\">\n\t\t\t<div class=\"elementor-widget-wrap elementor-element-populated\">\n\t\t\t\t\t\t<div class=\"elementor-element elementor-element-e53a836 elementor-widget elementor-widget-back-service-grid-boxes\" data-id=\"e53a836\" data-element_type=\"widget\" data-widget_type=\"back-service-grid-boxes.default\">\n\t\t\t\t<div class=\"elementor-widget-container\">\n\t\t\t\t\t\t\t\r\n\t\t<div class=\"back-addon-services services-style1 shape_disable\">\r\n\t\t    <div class=\"services-part\">\r\n\r\n\t\t    \t\t\t    \t\t\t\r\n\t    \t\t\t<div class=\"services-icon image\">\r\n\t\t\t    \t\t\t\t\t    \t\t\r\n\t\t\t    \t\t\t\t\t    \t\t\t<img decoding=\"async\" class=\"main-img\" src=\"https:\/\/ces.gob.gt\/wp-content\/uploads\/2025\/07\/iconos-04-1.svg\" alt=\"image\"\/>\t\r\n\t\t\t    \t\t\t\t    \t\t<\/div>\r\n\t\t    \t\t\t    \t\t       \r\n\t\t\t    <div class=\"services-text\">\r\n\r\n\t    \t    \t\t    \t\t    \t<div class=\"services-title\">\r\n\t    \t\t    \t\t    \t\t    \t\t\t    \t\t  \t\t\t\t\t\t\t    \t\t\t\r\n\t    \t\t    \t\t<h3  class=\"title\"> <a href=\"https:\/\/ces.gob.gt\/index.php\/informacion-publica\/transparencia-presupuestaria\/\" >Transparencia Presupuestaria<\/a><\/h3>\r\n\t    \t\t    \t\t\t\t\t\t    \t\t\r\n\t    \t\t    \t<\/div>\r\n\t    \t    \t\t\t\t\t    \r\n\t\t\t    \t\t\t\t    \t\r\n    \t    \t\t\t    \t    \t\t\t\t    \t\t    \t<div class=\"services-btn-part\">\r\n\t\t    \t\t    \t\t\t    \t\t    \t\t\t<a class=\"services-btn services-btn-text\" href=\"https:\/\/ces.gob.gt\/index.php\/informacion-publica\/transparencia-presupuestaria\/\">\r\n\t    \t\t    \t\t\t\t<span class=\"btn_text\">\r\n\t    \t\t    \t\t\t\t\tIngresar <i class=\"ri-arrow-right-line\"><\/i>   \t\t\t\t\t\t\r\n\t    \t\t    \t\t\t\t<\/span>    \t\t    \t\t\t\t\r\n\t    \t\t    \t\t\t<\/a>\r\n\t\t    \t\t    \t<\/div>\r\n\t\t    \t    \t\t\t    \t    \t\t\t    <\/div>\r\n\t\t\t<\/div>\r\n\t\t<\/div>\t\r\n\t\t\r\n\t\t\t\t\t<\/div>\n\t\t\t\t<\/div>\n\t\t\t\t\t<\/div>\n\t\t<\/div>\n\t\t\t\t\t<\/div>\n\t\t<\/section>\n\t\t\t\t\t<\/div>\n\t\t<\/div>\n\t\t\t\t\t<\/div>\n\t\t<\/section>\n\t\t\t\t<section class=\"elementor-section elementor-top-section elementor-element elementor-element-1027248 elementor-section-stretched elementor-section-boxed elementor-section-height-default elementor-section-height-default\" data-id=\"1027248\" data-element_type=\"section\" data-settings=\"{&quot;stretch_section&quot;:&quot;section-stretched&quot;,&quot;background_background&quot;:&quot;classic&quot;}\">\n\t\t\t\t\t\t<div class=\"elementor-container elementor-column-gap-default\">\n\t\t\t\t\t<div class=\"elementor-column elementor-col-100 elementor-top-column elementor-element elementor-element-5072202\" data-id=\"5072202\" data-element_type=\"column\">\n\t\t\t<div class=\"elementor-widget-wrap elementor-element-populated\">\n\t\t\t\t\t\t<section class=\"elementor-section elementor-inner-section elementor-element elementor-element-93ff47a elementor-section-boxed elementor-section-height-default elementor-section-height-default\" data-id=\"93ff47a\" data-element_type=\"section\">\n\t\t\t\t\t\t<div class=\"elementor-container elementor-column-gap-default\">\n\t\t\t\t\t<div class=\"elementor-column elementor-col-100 elementor-inner-column elementor-element elementor-element-9d76d8b\" data-id=\"9d76d8b\" data-element_type=\"column\">\n\t\t\t<div class=\"elementor-widget-wrap elementor-element-populated\">\n\t\t\t\t\t\t<div class=\"elementor-element elementor-element-693aa0c elementor-invisible elementor-widget elementor-widget-back-core-heading\" data-id=\"693aa0c\" data-element_type=\"widget\" data-settings=\"{&quot;_animation&quot;:&quot;fadeInUp&quot;}\" data-widget_type=\"back-core-heading.default\">\n\t\t\t\t<div class=\"elementor-widget-container\">\n\t\t\t\t\t        <div class=\"back-heading default center \">\r\n            <div class=\"title-inner\">        \t\t      \t\t\r\n\t            <h2 class=\"title\"><span class=\"watermark\"><\/span>Socios Estrat\u00e9gicos Nacionales<\/h2>\t        <\/div>\r\n\t                <\/div>\r\n\r\n        \t\t\t\t<\/div>\n\t\t\t\t<\/div>\n\t\t<div class=\"elementor-element elementor-element-37cae38 e-flex e-con-boxed e-con e-parent\" data-id=\"37cae38\" data-element_type=\"container\">\n\t\t\t\t\t<div class=\"e-con-inner\">\n\t\t<div class=\"elementor-element elementor-element-7276265 e-grid e-con-full e-con e-child\" data-id=\"7276265\" data-element_type=\"container\">\n\t\t\t\t<div class=\"elementor-element elementor-element-e5098f4 elementor-widget elementor-widget-image\" data-id=\"e5098f4\" data-element_type=\"widget\" data-widget_type=\"image.default\">\n\t\t\t\t<div class=\"elementor-widget-container\">\n\t\t\t\t\t\t\t\t\t\t\t\t\t\t\t\t<a href=\"https:\/\/www.ine.gob.gt\/ine\/\">\n\t\t\t\t\t\t\t<img decoding=\"async\" width=\"200\" height=\"91\" src=\"https:\/\/ces.gob.gt\/wp-content\/uploads\/2025\/07\/Untitled-1_03-04.png\" class=\"elementor-animation-shrink attachment-full size-full wp-image-3579\" alt=\"\" \/>\t\t\t\t\t\t\t\t<\/a>\n\t\t\t\t\t\t\t\t\t\t\t\t\t\t\t<\/div>\n\t\t\t\t<\/div>\n\t\t\t\t<div class=\"elementor-element elementor-element-ea3dd6f elementor-widget elementor-widget-image\" data-id=\"ea3dd6f\" data-element_type=\"widget\" data-widget_type=\"image.default\">\n\t\t\t\t<div class=\"elementor-widget-container\">\n\t\t\t\t\t\t\t\t\t\t\t\t\t\t\t\t<a href=\"http:\/\/www.onsec.gob.gt\/w1\/\">\n\t\t\t\t\t\t\t<img decoding=\"async\" width=\"200\" height=\"91\" src=\"https:\/\/ces.gob.gt\/wp-content\/uploads\/2025\/07\/Untitled-1_03.png\" class=\"elementor-animation-shrink attachment-full size-full wp-image-3580\" alt=\"\" \/>\t\t\t\t\t\t\t\t<\/a>\n\t\t\t\t\t\t\t\t\t\t\t\t\t\t\t<\/div>\n\t\t\t\t<\/div>\n\t\t\t\t<div class=\"elementor-element elementor-element-18093e2 elementor-widget elementor-widget-image\" data-id=\"18093e2\" data-element_type=\"widget\" data-widget_type=\"image.default\">\n\t\t\t\t<div class=\"elementor-widget-container\">\n\t\t\t\t\t\t\t\t\t\t\t\t\t\t\t\t<a href=\"https:\/\/www.segeplan.gob.gt\/nportal\/\">\n\t\t\t\t\t\t\t<img decoding=\"async\" width=\"200\" height=\"91\" src=\"https:\/\/ces.gob.gt\/wp-content\/uploads\/2025\/07\/Untitled-1_03-06.png\" class=\"elementor-animation-shrink attachment-full size-full wp-image-3577\" alt=\"\" \/>\t\t\t\t\t\t\t\t<\/a>\n\t\t\t\t\t\t\t\t\t\t\t\t\t\t\t<\/div>\n\t\t\t\t<\/div>\n\t\t\t\t<div class=\"elementor-element elementor-element-cabbd07 elementor-widget elementor-widget-image\" data-id=\"cabbd07\" data-element_type=\"widget\" data-widget_type=\"image.default\">\n\t\t\t\t<div class=\"elementor-widget-container\">\n\t\t\t\t\t\t\t\t\t\t\t\t\t\t\t\t<a href=\"https:\/\/www.facebook.com\/alianzaxlanutricion\/\">\n\t\t\t\t\t\t\t<img loading=\"lazy\" decoding=\"async\" width=\"200\" height=\"91\" src=\"https:\/\/ces.gob.gt\/wp-content\/uploads\/2025\/07\/Untitled-1_03-05.png\" class=\"elementor-animation-shrink attachment-full size-full wp-image-3578\" alt=\"\" \/>\t\t\t\t\t\t\t\t<\/a>\n\t\t\t\t\t\t\t\t\t\t\t\t\t\t\t<\/div>\n\t\t\t\t<\/div>\n\t\t\t\t<div class=\"elementor-element elementor-element-188d119 elementor-widget elementor-widget-image\" data-id=\"188d119\" data-element_type=\"widget\" data-widget_type=\"image.default\">\n\t\t\t\t<div class=\"elementor-widget-container\">\n\t\t\t\t\t\t\t\t\t\t\t\t\t\t\t\t<a href=\"https:\/\/www.fundacion2020.org.gt\/\">\n\t\t\t\t\t\t\t<img loading=\"lazy\" decoding=\"async\" width=\"200\" height=\"91\" src=\"https:\/\/ces.gob.gt\/wp-content\/uploads\/2025\/07\/Untitled-1_03-07.png\" class=\"elementor-animation-shrink attachment-full size-full wp-image-3576\" alt=\"\" \/>\t\t\t\t\t\t\t\t<\/a>\n\t\t\t\t\t\t\t\t\t\t\t\t\t\t\t<\/div>\n\t\t\t\t<\/div>\n\t\t\t\t<div class=\"elementor-element elementor-element-3906a3d elementor-widget elementor-widget-image\" data-id=\"3906a3d\" data-element_type=\"widget\" data-widget_type=\"image.default\">\n\t\t\t\t<div class=\"elementor-widget-container\">\n\t\t\t\t\t\t\t\t\t\t\t\t\t\t\t\t<a href=\"http:\/\/ceeca.org.gt\/\">\n\t\t\t\t\t\t\t<img loading=\"lazy\" decoding=\"async\" width=\"200\" height=\"91\" src=\"https:\/\/ces.gob.gt\/wp-content\/uploads\/2025\/07\/Untitled-1_03-09.png\" class=\"elementor-animation-shrink attachment-full size-full wp-image-3585\" alt=\"\" \/>\t\t\t\t\t\t\t\t<\/a>\n\t\t\t\t\t\t\t\t\t\t\t\t\t\t\t<\/div>\n\t\t\t\t<\/div>\n\t\t\t\t<div class=\"elementor-element elementor-element-ae90c91 elementor-widget elementor-widget-image\" data-id=\"ae90c91\" data-element_type=\"widget\" data-widget_type=\"image.default\">\n\t\t\t\t<div class=\"elementor-widget-container\">\n\t\t\t\t\t\t\t\t\t\t\t\t\t\t\t\t<a href=\"https:\/\/principal.url.edu.gt\/\">\n\t\t\t\t\t\t\t<img loading=\"lazy\" decoding=\"async\" width=\"200\" height=\"91\" src=\"https:\/\/ces.gob.gt\/wp-content\/uploads\/2025\/07\/Untitled-1_03-10.png\" class=\"elementor-animation-shrink attachment-full size-full wp-image-3586\" alt=\"\" \/>\t\t\t\t\t\t\t\t<\/a>\n\t\t\t\t\t\t\t\t\t\t\t\t\t\t\t<\/div>\n\t\t\t\t<\/div>\n\t\t\t\t<\/div>\n\t\t<div class=\"elementor-element elementor-element-d2af528 e-grid e-con-full e-con e-child\" data-id=\"d2af528\" data-element_type=\"container\">\n\t\t\t\t<div class=\"elementor-element elementor-element-7635b81 elementor-widget elementor-widget-image\" data-id=\"7635b81\" data-element_type=\"widget\" data-widget_type=\"image.default\">\n\t\t\t\t<div class=\"elementor-widget-container\">\n\t\t\t\t\t\t\t\t\t\t\t\t\t\t\t\t<a href=\"http:\/\/www.aicesis.org\/\">\n\t\t\t\t\t\t\t<img loading=\"lazy\" decoding=\"async\" width=\"200\" height=\"91\" src=\"https:\/\/ces.gob.gt\/wp-content\/uploads\/2025\/07\/Untitled-1_03-14.png\" class=\"elementor-animation-shrink attachment-full size-full wp-image-3587\" alt=\"\" \/>\t\t\t\t\t\t\t\t<\/a>\n\t\t\t\t\t\t\t\t\t\t\t\t\t\t\t<\/div>\n\t\t\t\t<\/div>\n\t\t\t\t<div class=\"elementor-element elementor-element-90a6526 elementor-widget elementor-widget-image\" data-id=\"90a6526\" data-element_type=\"widget\" data-widget_type=\"image.default\">\n\t\t\t\t<div class=\"elementor-widget-container\">\n\t\t\t\t\t\t\t\t\t\t\t\t\t\t\t\t<a href=\"https:\/\/cesisalc.org\/\">\n\t\t\t\t\t\t\t<img loading=\"lazy\" decoding=\"async\" width=\"200\" height=\"91\" src=\"https:\/\/ces.gob.gt\/wp-content\/uploads\/2025\/07\/Untitled-1_03-17.png\" class=\"elementor-animation-shrink attachment-full size-full wp-image-3590\" alt=\"\" \/>\t\t\t\t\t\t\t\t<\/a>\n\t\t\t\t\t\t\t\t\t\t\t\t\t\t\t<\/div>\n\t\t\t\t<\/div>\n\t\t\t\t<div class=\"elementor-element elementor-element-ff3da03 elementor-widget elementor-widget-image\" data-id=\"ff3da03\" data-element_type=\"widget\" data-widget_type=\"image.default\">\n\t\t\t\t<div class=\"elementor-widget-container\">\n\t\t\t\t\t\t\t\t\t\t\t\t\t\t\t\t<a href=\"http:\/\/www.ces.es\/\">\n\t\t\t\t\t\t\t<img loading=\"lazy\" decoding=\"async\" width=\"200\" height=\"91\" src=\"https:\/\/ces.gob.gt\/wp-content\/uploads\/2025\/07\/Untitled-1_03-15.png\" class=\"elementor-animation-shrink attachment-full size-full wp-image-3588\" alt=\"\" \/>\t\t\t\t\t\t\t\t<\/a>\n\t\t\t\t\t\t\t\t\t\t\t\t\t\t\t<\/div>\n\t\t\t\t<\/div>\n\t\t\t\t<div class=\"elementor-element elementor-element-5b24086 elementor-widget elementor-widget-image\" data-id=\"5b24086\" data-element_type=\"widget\" data-widget_type=\"image.default\">\n\t\t\t\t<div class=\"elementor-widget-container\">\n\t\t\t\t\t\t\t\t\t\t\t\t\t\t\t\t<a href=\"http:\/\/www.eurosocial.eu\/es\">\n\t\t\t\t\t\t\t<img loading=\"lazy\" decoding=\"async\" width=\"200\" height=\"91\" src=\"https:\/\/ces.gob.gt\/wp-content\/uploads\/2025\/07\/Untitled-1_03-18.png\" class=\"elementor-animation-shrink attachment-full size-full wp-image-3591\" alt=\"\" \/>\t\t\t\t\t\t\t\t<\/a>\n\t\t\t\t\t\t\t\t\t\t\t\t\t\t\t<\/div>\n\t\t\t\t<\/div>\n\t\t\t\t<div class=\"elementor-element elementor-element-712d1fa elementor-widget elementor-widget-image\" data-id=\"712d1fa\" data-element_type=\"widget\" data-widget_type=\"image.default\">\n\t\t\t\t<div class=\"elementor-widget-container\">\n\t\t\t\t\t\t\t\t\t\t\t\t\t\t\t\t<a href=\"https:\/\/www.aecid.es\/ES\">\n\t\t\t\t\t\t\t<img loading=\"lazy\" decoding=\"async\" width=\"200\" height=\"91\" src=\"https:\/\/ces.gob.gt\/wp-content\/uploads\/2025\/07\/Untitled-1_03-19.png\" class=\"elementor-animation-shrink attachment-full size-full wp-image-3592\" alt=\"\" \/>\t\t\t\t\t\t\t\t<\/a>\n\t\t\t\t\t\t\t\t\t\t\t\t\t\t\t<\/div>\n\t\t\t\t<\/div>\n\t\t\t\t<div class=\"elementor-element elementor-element-d3ca3ff elementor-widget elementor-widget-image\" data-id=\"d3ca3ff\" data-element_type=\"widget\" data-widget_type=\"image.default\">\n\t\t\t\t<div class=\"elementor-widget-container\">\n\t\t\t\t\t\t\t\t\t\t\t\t\t\t\t\t<a href=\"https:\/\/intercoonecta.aecid.es\/\">\n\t\t\t\t\t\t\t<img loading=\"lazy\" decoding=\"async\" width=\"200\" height=\"91\" src=\"https:\/\/ces.gob.gt\/wp-content\/uploads\/2025\/07\/Untitled-1_03-16.png\" class=\"elementor-animation-shrink attachment-full size-full wp-image-3589\" alt=\"\" \/>\t\t\t\t\t\t\t\t<\/a>\n\t\t\t\t\t\t\t\t\t\t\t\t\t\t\t<\/div>\n\t\t\t\t<\/div>\n\t\t\t\t<\/div>\n\t\t\t\t\t<\/div>\n\t\t\t\t<\/div>\n\t\t\t\t\t<\/div>\n\t\t<\/div>\n\t\t\t\t\t<\/div>\n\t\t<\/section>\n\t\t\t\t\t<\/div>\n\t\t<\/div>\n\t\t\t\t\t<\/div>\n\t\t<\/section>\n\t\t\t\t<\/div>\n\t\t","protected":false},"excerpt":{"rendered":"<p>Consejo Econ\u00f3mico y Social de Guatemala Portal de acceso a la informaci\u00f3n p\u00fablica El Consejo Econ\u00f3mico y Social de Guatemala, en cumplimiento de la Ley de Acceso a la Informaci\u00f3n P\u00fablica, facilita el acceso a la informaci\u00f3n que genera.Este espacio permite consultar, descargar y utilizar datos p\u00fablicos de manera transparente.Tambi\u00e9n puedes realizar solicitudes de informaci\u00f3n&#8230;<\/p>\n","protected":false},"author":1,"featured_media":0,"parent":0,"menu_order":0,"comment_status":"closed","ping_status":"closed","template":"elementor_header_footer","meta":{"footnotes":""},"class_list":["post-4734","page","type-page","status-publish","hentry"],"_links":{"self":[{"href":"https:\/\/ces.gob.gt\/index.php\/wp-json\/wp\/v2\/pages\/4734","targetHints":{"allow":["GET"]}}],"collection":[{"href":"https:\/\/ces.gob.gt\/index.php\/wp-json\/wp\/v2\/pages"}],"about":[{"href":"https:\/\/ces.gob.gt\/index.php\/wp-json\/wp\/v2\/types\/page"}],"author":[{"embeddable":true,"href":"https:\/\/ces.gob.gt\/index.php\/wp-json\/wp\/v2\/users\/1"}],"replies":[{"embeddable":true,"href":"https:\/\/ces.gob.gt\/index.php\/wp-json\/wp\/v2\/comments?post=4734"}],"version-history":[{"count":110,"href":"https:\/\/ces.gob.gt\/index.php\/wp-json\/wp\/v2\/pages\/4734\/revisions"}],"predecessor-version":[{"id":14121,"href":"https:\/\/ces.gob.gt\/index.php\/wp-json\/wp\/v2\/pages\/4734\/revisions\/14121"}],"wp:attachment":[{"href":"https:\/\/ces.gob.gt\/index.php\/wp-json\/wp\/v2\/media?parent=4734"}],"curies":[{"name":"wp","href":"https:\/\/api.w.org\/{rel}","templated":true}]}}