{"id":5143,"date":"2025-08-06T12:46:16","date_gmt":"2025-08-06T10:46:16","guid":{"rendered":"https:\/\/ces.gob.gt\/?page_id=5143"},"modified":"2025-09-27T00:41:17","modified_gmt":"2025-09-26T22:41:17","slug":"solicitud-de-informacion-publica","status":"publish","type":"page","link":"https:\/\/ces.gob.gt\/index.php\/informacion-publica\/solicitud-de-informacion-publica\/","title":{"rendered":"Solicitud de informaci\u00f3n p\u00fablica"},"content":{"rendered":"\t\t<div data-elementor-type=\"wp-page\" data-elementor-id=\"5143\" class=\"elementor elementor-5143\" data-elementor-post-type=\"page\">\n\t\t\t\t\t\t<section class=\"elementor-section elementor-top-section elementor-element elementor-element-313ee99 elementor-section-stretched elementor-section-boxed elementor-section-height-default elementor-section-height-default\" data-id=\"313ee99\" data-element_type=\"section\" data-settings=\"{&quot;stretch_section&quot;:&quot;section-stretched&quot;,&quot;background_background&quot;:&quot;classic&quot;}\">\n\t\t\t\t\t\t<div class=\"elementor-container elementor-column-gap-default\">\n\t\t\t\t\t<div class=\"elementor-column elementor-col-50 elementor-top-column elementor-element elementor-element-e0699b1\" data-id=\"e0699b1\" data-element_type=\"column\">\n\t\t\t<div class=\"elementor-widget-wrap elementor-element-populated\">\n\t\t\t\t\t\t<div class=\"elementor-element elementor-element-a6d2a4d iconoinfox elementor-view-default elementor-widget elementor-widget-icon\" data-id=\"a6d2a4d\" data-element_type=\"widget\" id=\"iconoinfo\" data-widget_type=\"icon.default\">\n\t\t\t\t<div class=\"elementor-widget-container\">\n\t\t\t\t\t\t\t<div class=\"elementor-icon-wrapper\">\n\t\t\t<div class=\"elementor-icon\">\n\t\t\t<svg xmlns=\"http:\/\/www.w3.org\/2000\/svg\" id=\"Layer_1\" data-name=\"Layer 1\" viewBox=\"0 0 512 512\"><path d=\"M481.69,246.66c-23.6,0-42.8-16.89-42.8-37.64,0-4.73-3.84-8.56-8.57-8.56h-154.48c-4.73,0-8.57,3.83-8.57,8.56,0,20.75-19.2,37.64-42.8,37.64-4.73,0-8.57,3.83-8.57,8.56v78.49c0,46.67,20.76,90.09,56.11,120.76H38.9V116.8h74.62c4.73,0,8.57-3.83,8.57-8.56V33.66h241.28v147.03c0,4.73,3.84,8.56,8.57,8.56s8.57-3.83,8.57-8.56V25.09c0-4.73-3.84-8.56-8.57-8.56H113.54s0,0-.01,0c-2.2,0-4.41.83-6.09,2.51L24.61,101.86c-.56.5-1.05,1.07-1.46,1.7-.02.04-.04.07-.07.11-.11.17-.22.35-.32.53-.78,1.43-1.11,3.04-1.01,4.63v354.2c0,4.73,3.84,8.56,8.57,8.56h265.14c4.65,2.84,9.45,5.5,14.43,7.94,12.67,6.22,26.4,11.47,40.82,15.6.03,0,.05,0,.08.02.34.1.69.17,1.05.22.05,0,.1.01.15.02.36.05.72.08,1.08.08,0,0,0,0,0,0s0,0,0,0c.36,0,.72-.03,1.08-.08.05,0,.1-.01.15-.02.36-.05.71-.13,1.05-.22.03,0,.05,0,.08-.02,14.42-4.13,28.15-9.38,40.82-15.6,57.98-28.46,94-84.34,94-145.83v-78.49c0-4.73-3.84-8.56-8.57-8.56ZM104.95,45.75v53.92h-53.92l53.92-53.92ZM473.13,333.71c0,54.91-32.34,104.9-84.41,130.45-11.07,5.43-23.05,10.06-35.63,13.8-12.58-3.74-24.56-8.37-35.63-13.8-5.07-2.49-9.94-5.21-14.62-8.14-.14-.1-.29-.19-.44-.28-43.17-27.23-69.35-72.63-69.35-122.03v-70.48c25.94-3.4,46.57-22.04,50.64-45.65h138.81c4.07,23.6,24.7,42.24,50.64,45.65v70.48Z\"><\/path><path d=\"M388.57,305.29l-44.68,44.69-26.29-26.29c-3.35-3.35-8.77-3.35-12.12,0-3.34,3.34-3.34,8.77,0,12.11l32.35,32.35c1.67,1.67,3.86,2.51,6.06,2.51s4.38-.84,6.06-2.51l50.74-50.74c3.34-3.34,3.34-8.77,0-12.11-3.35-3.35-8.77-3.35-12.12,0Z\"><\/path><\/svg>\t\t\t<\/div>\n\t\t<\/div>\n\t\t\t\t\t\t<\/div>\n\t\t\t\t<\/div>\n\t\t\t\t\t<\/div>\n\t\t<\/div>\n\t\t\t\t<div class=\"elementor-column elementor-col-50 elementor-top-column elementor-element elementor-element-a4a82f5\" data-id=\"a4a82f5\" data-element_type=\"column\">\n\t\t\t<div class=\"elementor-widget-wrap elementor-element-populated\">\n\t\t\t\t\t\t<div class=\"elementor-element elementor-element-951910b elementor-widget__width-initial elementor-widget elementor-widget-back-core-heading\" data-id=\"951910b\" data-element_type=\"widget\" data-widget_type=\"back-core-heading.default\">\n\t\t\t\t<div class=\"elementor-widget-container\">\n\t\t\t\t\t        <div class=\"back-heading default left \">\r\n            <div class=\"title-inner\">        \t\t      \t\t\r\n\t            <span class=\"sub-text \">CONSEJO ECON\u00d3MICO Y SOCIAL DE GUATEMALA<\/span><h2 class=\"title\"><span class=\"watermark\"><\/span>Solicitud de informaci\u00f3n p\u00fablica<\/h2>\t        <\/div>\r\n\t                <\/div>\r\n\r\n        \t\t\t\t<\/div>\n\t\t\t\t<\/div>\n\t\t\t\t\t<\/div>\n\t\t<\/div>\n\t\t\t\t\t<\/div>\n\t\t<\/section>\n\t\t\t\t<section class=\"elementor-section elementor-top-section elementor-element elementor-element-973bd6e elementor-section-stretched elementor-section-full_width elementor-section-height-default elementor-section-height-default\" data-id=\"973bd6e\" data-element_type=\"section\" data-settings=\"{&quot;stretch_section&quot;:&quot;section-stretched&quot;,&quot;background_background&quot;:&quot;classic&quot;}\">\n\t\t\t\t\t\t<div class=\"elementor-container elementor-column-gap-default\">\n\t\t\t\t\t<div class=\"elementor-column elementor-col-100 elementor-top-column elementor-element elementor-element-638a15c\" data-id=\"638a15c\" data-element_type=\"column\">\n\t\t\t<div class=\"elementor-widget-wrap elementor-element-populated\">\n\t\t\t\t\t\t<section class=\"elementor-section elementor-inner-section elementor-element elementor-element-145541c elementor-section-boxed elementor-section-height-default elementor-section-height-default\" data-id=\"145541c\" data-element_type=\"section\">\n\t\t\t\t\t\t<div class=\"elementor-container elementor-column-gap-default\">\n\t\t\t\t\t<div class=\"elementor-column elementor-col-33 elementor-inner-column elementor-element elementor-element-8b1d02a\" data-id=\"8b1d02a\" data-element_type=\"column\">\n\t\t\t<div class=\"elementor-widget-wrap\">\n\t\t\t\t\t\t\t<\/div>\n\t\t<\/div>\n\t\t\t\t<div class=\"elementor-column elementor-col-33 elementor-inner-column elementor-element elementor-element-54e709c\" data-id=\"54e709c\" data-element_type=\"column\">\n\t\t\t<div class=\"elementor-widget-wrap elementor-element-populated\">\n\t\t\t\t\t\t<div class=\"elementor-element elementor-element-dcd186c elementor-widget elementor-widget-back-core-heading\" data-id=\"dcd186c\" data-element_type=\"widget\" data-widget_type=\"back-core-heading.default\">\n\t\t\t\t<div class=\"elementor-widget-container\">\n\t\t\t\t\t        <div class=\"back-heading default left \">\r\n            <div class=\"title-inner\">        \t\t      \t\t\r\n\t            \t        <\/div>\r\n\t                    \t<div class=\"description\">\r\n            \t\tEs el derecho de toda persona a acceder a informaci\u00f3n en posesi\u00f3n de los sujetos obligados, seg\u00fan lo establece el Decreto 57-2008. Es esencial para promover la transparencia y la rendici\u00f3n de cuentas de las entidades p\u00fablicas y para fomentar la participaci\u00f3n ciudadana. El acceso a la informaci\u00f3n se garantiza mediante la informaci\u00f3n que los sujetos obligados deben publicar, as\u00ed como mediante el proceso de solicitud de informaci\u00f3n.\n            \t\t\r\n            \t<\/div>\r\n        \t        <\/div>\r\n\r\n        \t\t\t\t<\/div>\n\t\t\t\t<\/div>\n\t\t\t\t\t<\/div>\n\t\t<\/div>\n\t\t\t\t<div class=\"elementor-column elementor-col-33 elementor-inner-column elementor-element elementor-element-46fdfff\" data-id=\"46fdfff\" data-element_type=\"column\">\n\t\t\t<div class=\"elementor-widget-wrap\">\n\t\t\t\t\t\t\t<\/div>\n\t\t<\/div>\n\t\t\t\t\t<\/div>\n\t\t<\/section>\n\t\t\t\t\t<\/div>\n\t\t<\/div>\n\t\t\t\t\t<\/div>\n\t\t<\/section>\n\t\t\t\t<section class=\"elementor-section elementor-top-section elementor-element elementor-element-dcdb64c elementor-section-stretched elementor-section-full_width elementor-section-height-default elementor-section-height-default\" data-id=\"dcdb64c\" data-element_type=\"section\" data-settings=\"{&quot;stretch_section&quot;:&quot;section-stretched&quot;,&quot;background_background&quot;:&quot;classic&quot;}\">\n\t\t\t\t\t\t<div class=\"elementor-container elementor-column-gap-default\">\n\t\t\t\t\t<div class=\"elementor-column elementor-col-100 elementor-top-column elementor-element elementor-element-6dfe4f0\" data-id=\"6dfe4f0\" data-element_type=\"column\">\n\t\t\t<div class=\"elementor-widget-wrap elementor-element-populated\">\n\t\t\t\t\t\t<section class=\"elementor-section elementor-inner-section elementor-element elementor-element-7eb66b9 elementor-section-boxed elementor-section-height-default elementor-section-height-default\" data-id=\"7eb66b9\" data-element_type=\"section\">\n\t\t\t\t\t\t<div class=\"elementor-container elementor-column-gap-default\">\n\t\t\t\t\t<div class=\"elementor-column elementor-col-33 elementor-inner-column elementor-element elementor-element-0a8f543\" data-id=\"0a8f543\" data-element_type=\"column\">\n\t\t\t<div class=\"elementor-widget-wrap\">\n\t\t\t\t\t\t\t<\/div>\n\t\t<\/div>\n\t\t\t\t<div class=\"elementor-column elementor-col-33 elementor-inner-column elementor-element elementor-element-5c41625\" data-id=\"5c41625\" data-element_type=\"column\">\n\t\t\t<div class=\"elementor-widget-wrap elementor-element-populated\">\n\t\t\t\t\t\t<div class=\"elementor-element elementor-element-128755c elementor-widget elementor-widget-back-core-heading\" data-id=\"128755c\" data-element_type=\"widget\" data-widget_type=\"back-core-heading.default\">\n\t\t\t\t<div class=\"elementor-widget-container\">\n\t\t\t\t\t        <div class=\"back-heading default left \">\r\n            <div class=\"title-inner\">        \t\t      \t\t\r\n\t            <h2 class=\"title\"><span class=\"watermark\"><\/span>Solicitud de Informaci\u00f3n P\u00fablica<\/h2>\t        <\/div>\r\n\t                    \t<div class=\"description\">\r\n            \t\t<p>De conformidad con el Art\u00edculo 20, inciso 1, de la Ley de Acceso a la Informaci\u00f3n P\u00fablica, las unidades de informaci\u00f3n est\u00e1n obligadas a recibir y tramitar las solicitudes de acceso a la informaci\u00f3n.<\/p><p><strong>INFORMACI\u00d3N CLARA Y PRECISA:<\/strong><br \/>Para ofrecer un mejor servicio, se recomienda identificar de forma clara y precisa la informaci\u00f3n solicitada.<\/p><p><strong>GRATUIDAD Y COSTO DE REPRODUCCI\u00d3N:<\/strong><br \/>El acceso a la informaci\u00f3n p\u00fablica en el Consejo Econ\u00f3mico Y Social De Guatemala es gratuito.<\/p><p><strong>PLAZO PARA LA RESPUESTA:<\/strong><br \/>De conformidad con el Art\u00edculo 42, el plazo m\u00e1ximo para emitir la respuesta a las solicitudes de informaci\u00f3n p\u00fablica es de 10 d\u00edas h\u00e1biles, que comienzan a partir del d\u00eda (h\u00e1bil) siguiente, salvo que sea notificada la pr\u00f3rroga, cuando el volumen y extensi\u00f3n de la respuesta lo justifique.<\/p>            \t\t\r\n            \t<\/div>\r\n        \t        <\/div>\r\n\r\n        \t\t\t\t<\/div>\n\t\t\t\t<\/div>\n\t\t\t\t<div class=\"elementor-element elementor-element-f7505b8 elementor-widget elementor-widget-back-core-heading\" data-id=\"f7505b8\" data-element_type=\"widget\" data-widget_type=\"back-core-heading.default\">\n\t\t\t\t<div class=\"elementor-widget-container\">\n\t\t\t\t\t        <div class=\"back-heading default left \">\r\n            <div class=\"title-inner\">        \t\t      \t\t\r\n\t            <h2 class=\"title\"><span class=\"watermark\"><\/span>Solicitud de Informaci\u00f3n P\u00fablica<\/h2>\t        <\/div>\r\n\t                    \t<div class=\"description\">\r\n            \t\t<p><b>Puede ingresar su solicitud por una de las siguientes tres opciones:<\/b><\/p><p><b>SOLICITUD EN L\u00cdNEA<br \/><\/b><b>Env\u00ede un Correo Electr\u00f3nico a<\/b><span style=\"font-weight: 400\">:\u00a0<\/span><a href=\"mailto:informacion@ces.gob.gt\"><span style=\"font-weight: 400\">informacion@ces.gob.gt <\/span><\/a><b>o<\/b><\/p><p><b>Llenando el siguiente formulario<\/b><span style=\"font-weight: 400\">:\u00a0<\/span><b><br \/><\/b><a href=\"https:\/\/forms.gle\/Kynzvsb4ChEgBQ6S7\"><b>https:\/\/forms.gle\/Kynzvsb4ChEgBQ6S7<\/b><\/a><\/p><p><b>SOLICITUD VERBAL<br \/><\/b><b>Comunic\u00e1ndose al N\u00famero Telef\u00f3nico<\/b><span style=\"font-weight: 400\">:<br \/><\/span><span style=\"font-weight: 400\">2332-2254 \/ 2332-1733<\/span><\/p><p><b>SOLICITUD ESCRITA<br \/><\/b><b>Ubicaci\u00f3n<\/b><span style=\"font-weight: 400\">: Avenida Reforma 13-70 Zona 9 Edificio Real Reforma, Primer Nivel Oficinas 12 y 14, Ciudad Guatemala<br \/><\/span><b>Horario de Atenci\u00f3n<\/b><span style=\"font-weight: 400\">: 08:00 a 16:00 horas<\/span><\/p>            \t\t\r\n            \t<\/div>\r\n        \t        <\/div>\r\n\r\n        \t\t\t\t<\/div>\n\t\t\t\t<\/div>\n\t\t\t\t\t<\/div>\n\t\t<\/div>\n\t\t\t\t<div class=\"elementor-column elementor-col-33 elementor-inner-column elementor-element elementor-element-dc3e90d\" data-id=\"dc3e90d\" data-element_type=\"column\">\n\t\t\t<div class=\"elementor-widget-wrap\">\n\t\t\t\t\t\t\t<\/div>\n\t\t<\/div>\n\t\t\t\t\t<\/div>\n\t\t<\/section>\n\t\t\t\t\t<\/div>\n\t\t<\/div>\n\t\t\t\t\t<\/div>\n\t\t<\/section>\n\t\t\t\t<section class=\"elementor-section elementor-top-section elementor-element elementor-element-fc3db22 elementor-section-stretched elementor-section-boxed elementor-section-height-default elementor-section-height-default\" data-id=\"fc3db22\" data-element_type=\"section\" data-settings=\"{&quot;stretch_section&quot;:&quot;section-stretched&quot;,&quot;background_background&quot;:&quot;classic&quot;}\">\n\t\t\t\t\t\t<div class=\"elementor-container elementor-column-gap-default\">\n\t\t\t\t\t<div class=\"elementor-column elementor-col-100 elementor-top-column elementor-element elementor-element-ac3635a\" data-id=\"ac3635a\" data-element_type=\"column\">\n\t\t\t<div class=\"elementor-widget-wrap elementor-element-populated\">\n\t\t\t\t\t\t<section class=\"elementor-section elementor-inner-section elementor-element elementor-element-e657cb6 elementor-section-boxed elementor-section-height-default elementor-section-height-default\" data-id=\"e657cb6\" data-element_type=\"section\">\n\t\t\t\t\t\t<div class=\"elementor-container elementor-column-gap-default\">\n\t\t\t\t\t<div class=\"elementor-column elementor-col-50 elementor-inner-column elementor-element elementor-element-d6581b3\" data-id=\"d6581b3\" data-element_type=\"column\">\n\t\t\t<div class=\"elementor-widget-wrap elementor-element-populated\">\n\t\t\t\t\t\t<div class=\"elementor-element elementor-element-7f52f69 elementor-widget elementor-widget-back-core-heading\" data-id=\"7f52f69\" data-element_type=\"widget\" data-widget_type=\"back-core-heading.default\">\n\t\t\t\t<div class=\"elementor-widget-container\">\n\t\t\t\t\t        <div class=\"back-heading default left \">\r\n            <div class=\"title-inner\">        \t\t      \t\t\r\n\t            <h2 class=\"title\"><span class=\"watermark\"><\/span>Solicitud de<BR>Informaci\u00f3n P\u00fablica<\/h2>\t        <\/div>\r\n\t                <\/div>\r\n\r\n        \t\t\t\t<\/div>\n\t\t\t\t<\/div>\n\t\t\t\t\t<\/div>\n\t\t<\/div>\n\t\t\t\t<div class=\"elementor-column elementor-col-50 elementor-inner-column elementor-element elementor-element-d08bd6f\" data-id=\"d08bd6f\" data-element_type=\"column\">\n\t\t\t<div class=\"elementor-widget-wrap elementor-element-populated\">\n\t\t\t\t\t\t<div class=\"elementor-element elementor-element-25e8311 elementor-widget elementor-widget-back-core-heading\" data-id=\"25e8311\" data-element_type=\"widget\" data-widget_type=\"back-core-heading.default\">\n\t\t\t\t<div class=\"elementor-widget-container\">\n\t\t\t\t\t        <div class=\"back-heading default left \">\r\n            <div class=\"title-inner\">        \t\t      \t\t\r\n\t            \t        <\/div>\r\n\t                    \t<div class=\"description\">\r\n            \t\t<p>De conformidad con el Art\u00edculo 20, inciso 1, de la Ley de Acceso a la Informaci\u00f3n P\u00fablica, las unidades de informaci\u00f3n est\u00e1n obligadas a recibir y tramitar las solicitudes de acceso a la informaci\u00f3n.<\/p>            \t\t\r\n            \t<\/div>\r\n        \t        <\/div>\r\n\r\n        \t\t\t\t<\/div>\n\t\t\t\t<\/div>\n\t\t\t\t\t<\/div>\n\t\t<\/div>\n\t\t\t\t\t<\/div>\n\t\t<\/section>\n\t\t\t\t<section class=\"elementor-section elementor-inner-section elementor-element elementor-element-0651e5e elementor-section-boxed elementor-section-height-default elementor-section-height-default\" data-id=\"0651e5e\" data-element_type=\"section\">\n\t\t\t\t\t\t<div class=\"elementor-container elementor-column-gap-default\">\n\t\t\t\t\t<div class=\"elementor-column elementor-col-33 elementor-inner-column elementor-element elementor-element-080c0c5\" data-id=\"080c0c5\" data-element_type=\"column\">\n\t\t\t<div class=\"elementor-widget-wrap elementor-element-populated\">\n\t\t\t\t\t\t<div class=\"elementor-element elementor-element-da66b9a elementor-widget elementor-widget-back-core-heading\" data-id=\"da66b9a\" data-element_type=\"widget\" data-widget_type=\"back-core-heading.default\">\n\t\t\t\t<div class=\"elementor-widget-container\">\n\t\t\t\t\t        <div class=\"back-heading default left \">\r\n            <div class=\"title-inner\">        \t\t      \t\t\r\n\t            <h2 class=\"title\"><span class=\"watermark\"><\/span>INFORMACI\u00d3N CLARA Y PRECISA<\/h2>\t        <\/div>\r\n\t                <\/div>\r\n\r\n        \t\t\t\t<\/div>\n\t\t\t\t<\/div>\n\t\t\t\t<div class=\"elementor-element elementor-element-8d0e2ab elementor-widget elementor-widget-text-editor\" data-id=\"8d0e2ab\" data-element_type=\"widget\" data-widget_type=\"text-editor.default\">\n\t\t\t\t<div class=\"elementor-widget-container\">\n\t\t\t\t\t\t\t\t\tPara ofrecer un mejor servicio, se recomienda identificar de forma clara y precisa la informaci\u00f3n solicitada.\t\t\t\t\t\t\t\t<\/div>\n\t\t\t\t<\/div>\n\t\t\t\t\t<\/div>\n\t\t<\/div>\n\t\t\t\t<div class=\"elementor-column elementor-col-33 elementor-inner-column elementor-element elementor-element-33923cc\" data-id=\"33923cc\" data-element_type=\"column\">\n\t\t\t<div class=\"elementor-widget-wrap elementor-element-populated\">\n\t\t\t\t\t\t<div class=\"elementor-element elementor-element-525831d elementor-widget elementor-widget-back-core-heading\" data-id=\"525831d\" data-element_type=\"widget\" data-widget_type=\"back-core-heading.default\">\n\t\t\t\t<div class=\"elementor-widget-container\">\n\t\t\t\t\t        <div class=\"back-heading default left \">\r\n            <div class=\"title-inner\">        \t\t      \t\t\r\n\t            <h2 class=\"title\"><span class=\"watermark\"><\/span>GRATUIDAD Y COSTO DE REPRODUCCI\u00d3N<\/h2>\t        <\/div>\r\n\t                <\/div>\r\n\r\n        \t\t\t\t<\/div>\n\t\t\t\t<\/div>\n\t\t\t\t<div class=\"elementor-element elementor-element-e0187f0 elementor-widget elementor-widget-text-editor\" data-id=\"e0187f0\" data-element_type=\"widget\" data-widget_type=\"text-editor.default\">\n\t\t\t\t<div class=\"elementor-widget-container\">\n\t\t\t\t\t\t\t\t\tEl acceso a la informaci\u00f3n p\u00fablica en el Consejo Econ\u00f3mico Y Social De Guatemala es gratuito.\t\t\t\t\t\t\t\t<\/div>\n\t\t\t\t<\/div>\n\t\t\t\t\t<\/div>\n\t\t<\/div>\n\t\t\t\t<div class=\"elementor-column elementor-col-33 elementor-inner-column elementor-element elementor-element-e04912a\" data-id=\"e04912a\" data-element_type=\"column\">\n\t\t\t<div class=\"elementor-widget-wrap elementor-element-populated\">\n\t\t\t\t\t\t<div class=\"elementor-element elementor-element-d1ea65a elementor-widget elementor-widget-back-core-heading\" data-id=\"d1ea65a\" data-element_type=\"widget\" data-widget_type=\"back-core-heading.default\">\n\t\t\t\t<div class=\"elementor-widget-container\">\n\t\t\t\t\t        <div class=\"back-heading default left \">\r\n            <div class=\"title-inner\">        \t\t      \t\t\r\n\t            <h2 class=\"title\"><span class=\"watermark\"><\/span>PLAZO PARA LA RESPUESTA<\/h2>\t        <\/div>\r\n\t                <\/div>\r\n\r\n        \t\t\t\t<\/div>\n\t\t\t\t<\/div>\n\t\t\t\t<div class=\"elementor-element elementor-element-76c5168 elementor-widget elementor-widget-text-editor\" data-id=\"76c5168\" data-element_type=\"widget\" data-widget_type=\"text-editor.default\">\n\t\t\t\t<div class=\"elementor-widget-container\">\n\t\t\t\t\t\t\t\t\tDe conformidad con el Art\u00edculo 42, el plazo m\u00e1ximo para emitir la respuesta a las solicitudes de informaci\u00f3n p\u00fablica es de 10 d\u00edas h\u00e1biles, que comienzan a partir del d\u00eda (h\u00e1bil) siguiente, salvo que sea notificada la pr\u00f3rroga, cuando el volumen y extensi\u00f3n de la respuesta lo justifique.\t\t\t\t\t\t\t\t<\/div>\n\t\t\t\t<\/div>\n\t\t\t\t\t<\/div>\n\t\t<\/div>\n\t\t\t\t\t<\/div>\n\t\t<\/section>\n\t\t\t\t\t<\/div>\n\t\t<\/div>\n\t\t\t\t\t<\/div>\n\t\t<\/section>\n\t\t\t\t<\/div>\n\t\t","protected":false},"excerpt":{"rendered":"<p>CONSEJO ECON\u00d3MICO Y SOCIAL DE GUATEMALA Solicitud de informaci\u00f3n p\u00fablica Es el derecho de toda persona a acceder a informaci\u00f3n en posesi\u00f3n de los sujetos obligados, seg\u00fan lo establece el Decreto 57-2008. Es esencial para promover la transparencia y la rendici\u00f3n de cuentas de las entidades p\u00fablicas y para fomentar la participaci\u00f3n ciudadana. El acceso&#8230;<\/p>\n","protected":false},"author":1,"featured_media":0,"parent":4734,"menu_order":0,"comment_status":"closed","ping_status":"closed","template":"elementor_header_footer","meta":{"footnotes":""},"class_list":["post-5143","page","type-page","status-publish","hentry"],"_links":{"self":[{"href":"https:\/\/ces.gob.gt\/index.php\/wp-json\/wp\/v2\/pages\/5143","targetHints":{"allow":["GET"]}}],"collection":[{"href":"https:\/\/ces.gob.gt\/index.php\/wp-json\/wp\/v2\/pages"}],"about":[{"href":"https:\/\/ces.gob.gt\/index.php\/wp-json\/wp\/v2\/types\/page"}],"author":[{"embeddable":true,"href":"https:\/\/ces.gob.gt\/index.php\/wp-json\/wp\/v2\/users\/1"}],"replies":[{"embeddable":true,"href":"https:\/\/ces.gob.gt\/index.php\/wp-json\/wp\/v2\/comments?post=5143"}],"version-history":[{"count":23,"href":"https:\/\/ces.gob.gt\/index.php\/wp-json\/wp\/v2\/pages\/5143\/revisions"}],"predecessor-version":[{"id":12688,"href":"https:\/\/ces.gob.gt\/index.php\/wp-json\/wp\/v2\/pages\/5143\/revisions\/12688"}],"up":[{"embeddable":true,"href":"https:\/\/ces.gob.gt\/index.php\/wp-json\/wp\/v2\/pages\/4734"}],"wp:attachment":[{"href":"https:\/\/ces.gob.gt\/index.php\/wp-json\/wp\/v2\/media?parent=5143"}],"curies":[{"name":"wp","href":"https:\/\/api.w.org\/{rel}","templated":true}]}}