{"id":6776,"date":"2025-08-29T13:31:27","date_gmt":"2025-08-29T11:31:27","guid":{"rendered":"https:\/\/ces.gob.gt\/?page_id=6776"},"modified":"2026-04-14T22:26:46","modified_gmt":"2026-04-14T20:26:46","slug":"contratos-licencias-o-concesiones-para-el-usufructo-o-explotacion-de-bienes-del-estado-numeral-16","status":"publish","type":"page","link":"https:\/\/ces.gob.gt\/index.php\/informacion-publica\/contratos-licencias-o-concesiones-para-el-usufructo-o-explotacion-de-bienes-del-estado-numeral-16\/","title":{"rendered":"Contratos licencias o concesiones para el usufructo o explotaci\u00f3n de bienes del estado numeral 16"},"content":{"rendered":"\t\t<div data-elementor-type=\"wp-page\" data-elementor-id=\"6776\" class=\"elementor elementor-6776\" data-elementor-post-type=\"page\">\n\t\t\t\t\t\t<section class=\"elementor-section elementor-top-section elementor-element elementor-element-313ee99 elementor-section-stretched elementor-section-boxed elementor-section-height-default elementor-section-height-default\" data-id=\"313ee99\" data-element_type=\"section\" data-e-type=\"section\" data-settings=\"{&quot;stretch_section&quot;:&quot;section-stretched&quot;,&quot;background_background&quot;:&quot;classic&quot;}\">\n\t\t\t\t\t\t<div class=\"elementor-container elementor-column-gap-default\">\n\t\t\t\t\t<div class=\"elementor-column elementor-col-50 elementor-top-column elementor-element elementor-element-e0699b1\" data-id=\"e0699b1\" data-element_type=\"column\" data-e-type=\"column\">\n\t\t\t<div class=\"elementor-widget-wrap elementor-element-populated\">\n\t\t\t\t\t\t<div class=\"elementor-element elementor-element-a6d2a4d iconoinfox elementor-view-default elementor-widget elementor-widget-icon\" data-id=\"a6d2a4d\" data-element_type=\"widget\" data-e-type=\"widget\" id=\"iconoinfo\" data-widget_type=\"icon.default\">\n\t\t\t\t<div class=\"elementor-widget-container\">\n\t\t\t\t\t\t\t<div class=\"elementor-icon-wrapper\">\n\t\t\t<div class=\"elementor-icon\">\n\t\t\t<svg xmlns=\"http:\/\/www.w3.org\/2000\/svg\" id=\"_Layer_\" data-name=\"&amp;lt;Layer&amp;gt;\" viewBox=\"0 0 130 130.45\"><defs><style>      .cls-1 {        font-family: MontserratRoman-SemiBold, Montserrat;        font-size: 37.41px;        font-variation-settings: 'wght' 600;        font-weight: 600;      }      .cls-1, .cls-2 {        fill: #e27b3f;      }    <\/style><\/defs><text class=\"cls-1\" transform=\"translate(2.67 76.46)\"><tspan x=\"0\" y=\"0\">16<\/tspan><\/text><g><g><g><path class=\"cls-2\" d=\"M58.2,101.38c-1.9,0-3.45-1.55-3.45-3.45v-53.55c0-.7.57-1.27,1.27-1.27s1.27.57,1.27,1.27v53.55c0,.5.41.91.91.91h49.42c.15,0,.26-.08.3-.13.05-.05.12-.15.12-.3V30.62c0-.23-.2-.43-.43-.43h-36.14c-.7,0-1.27-.57-1.27-1.27s.57-1.27,1.27-1.27h36.14c1.64,0,2.98,1.33,2.98,2.97v67.79c0,.79-.31,1.54-.87,2.1-.56.56-1.31.87-2.1.87h-49.42Z\"><\/path><path class=\"cls-2\" d=\"M56.02,45.65c-.52,0-.98-.31-1.18-.79-.2-.48-.09-1.02.28-1.39l15.46-15.46c.36-.36.91-.47,1.39-.28.48.2.79.66.79,1.18v15.46c0,.7-.57,1.27-1.27,1.27h-15.46ZM70.2,31.99l-11.11,11.11h11.11s0-11.11,0-11.11Z\"><\/path><\/g><g><g><path class=\"cls-2\" d=\"M96.21,95.1s-.06,0-.09,0c-.45-.03-.86-.31-1.05-.72l-2.94-6.12c-.3-.63-.04-1.4.6-1.7.63-.3,1.4-.04,1.7.6l1.98,4.12.75-1.1c.26-.38.69-.6,1.15-.56l1.34.1-2.18-4.54c-.3-.63-.04-1.39.6-1.7.63-.3,1.4-.04,1.7.6l3.14,6.53c.2.41.16.9-.1,1.27s-.7.58-1.15.55l-2.8-.22-1.57,2.33c-.24.35-.63.56-1.05.56Z\"><\/path><path class=\"cls-2\" d=\"M89.54,95.1c-.42,0-.82-.21-1.06-.56l-1.58-2.33-2.8.21c-.45.04-.89-.18-1.15-.55-.26-.38-.29-.86-.1-1.27l2.9-6.02c.31-.63,1.07-.9,1.7-.59.63.31.9,1.07.59,1.7l-1.94,4.03,1.33-.1c.45-.04.9.18,1.15.56l.79,1.17,2.41-4.64c.32-.62,1.09-.87,1.72-.54.62.32.87,1.09.54,1.72l-3.4,6.53c-.21.4-.61.66-1.06.68-.03,0-.05,0-.07,0Z\"><\/path><\/g><path class=\"cls-2\" d=\"M92.43,88.65c-.05,0-.1,0-.16,0-.73-.05-1.27-.45-1.66-.74-.11-.08-.29-.21-.35-.24-.07-.02-.3-.03-.45-.03-.48-.01-1.13-.03-1.73-.43-.6-.4-.86-1.01-1.05-1.45-.06-.14-.15-.34-.19-.4-.05-.05-.24-.17-.36-.25-.41-.25-.97-.6-1.29-1.25-.31-.64-.24-1.29-.19-1.77.02-.15.04-.38.03-.46-.02-.07-.12-.25-.19-.38-.23-.43-.55-1.01-.5-1.74.05-.73.45-1.27.74-1.66.08-.11.21-.29.24-.35.02-.07.03-.3.03-.45.01-.48.03-1.14.44-1.73.4-.6,1.01-.86,1.45-1.05.14-.06.34-.15.4-.19.05-.05.17-.24.25-.36.25-.41.6-.97,1.25-1.29.64-.31,1.29-.24,1.77-.19.15.02.38.04.46.03.07-.02.25-.12.38-.19.43-.23,1.01-.55,1.74-.5.73.05,1.27.45,1.66.74.11.08.29.21.35.24.07.02.3.03.45.03.48.01,1.13.03,1.73.43.6.4.86,1.01,1.05,1.45.06.13.15.34.19.4.05.05.24.17.36.25.41.25.97.6,1.29,1.25.31.64.24,1.29.19,1.77-.02.15-.04.38-.03.45.02.07.12.25.19.38.23.43.55,1.01.5,1.74-.05.73-.45,1.27-.74,1.66-.08.11-.21.28-.24.35-.02.07-.03.3-.03.45-.01.48-.03,1.13-.43,1.73-.4.6-1.01.86-1.45,1.05-.13.06-.34.15-.4.19-.05.05-.17.24-.25.36-.25.41-.6.97-1.25,1.29-.64.31-1.29.24-1.77.19-.15-.02-.38-.04-.46-.03-.07.02-.25.12-.38.19-.4.21-.93.5-1.59.5ZM89.53,85.07c.1.01.25.02.36.02.34.01.77.02,1.21.17.42.15.76.4,1.04.6.1.07.23.17.32.22.1-.04.24-.12.35-.18.3-.16.67-.36,1.11-.45.45-.09.88-.04,1.22,0,.11.01.26.03.36.03.06-.08.14-.21.2-.31.18-.29.4-.66.75-.95.34-.3.74-.47,1.05-.61.1-.05.25-.11.34-.16.01-.1.02-.25.02-.36,0-.35.02-.77.17-1.21.15-.42.4-.76.6-1.04.07-.1.17-.23.22-.32-.04-.09-.12-.24-.18-.35-.16-.3-.36-.67-.45-1.11-.09-.45-.04-.88,0-1.22.01-.11.03-.26.03-.36-.08-.06-.21-.14-.31-.2-.29-.18-.66-.4-.95-.75-.3-.34-.47-.74-.61-1.05-.05-.1-.11-.25-.16-.34-.1-.01-.25-.02-.36-.02-.34-.01-.77-.02-1.21-.17-.42-.15-.76-.4-1.04-.6-.1-.07-.23-.17-.32-.22-.09.04-.24.12-.35.18-.3.16-.67.36-1.11.45-.45.09-.88.04-1.22,0-.11-.01-.26-.03-.36-.03-.06.08-.14.22-.2.31-.18.29-.4.66-.75.95-.34.3-.74.47-1.05.61-.1.05-.25.11-.34.16-.01.1-.02.25-.02.36-.01.34-.02.77-.17,1.21-.15.42-.4.76-.6,1.04-.07.1-.17.23-.22.32.04.09.12.24.18.35.16.3.36.67.45,1.11.09.45.04.88,0,1.22-.01.11-.03.26-.03.36.08.06.22.14.31.2.29.18.66.4.95.75.3.34.47.74.61,1.05.05.1.11.25.16.34ZM98.87,80.6h0Z\"><\/path><\/g><\/g><path class=\"cls-2\" d=\"M61.2,65.81s-.05,0-.07,0c-.66-.04-1.16-.6-1.13-1.26.08-1.45.45-3.41,1.75-4.58.64-.58,1.31-.88,1.38-.92.63-.29,1.11-.34,1.47-.38.28-.03.35-.04.48-.13.4-.25.47-.44.48-.51-.01-.07-.14-.28-.23-.42-.28-.43-.66-1.03-.84-1.95-.37-1.87.42-3.4.58-3.69.89-1.6,2.07-2.38,3.6-2.38s2.67.71,3.6,2.38c.16.29.95,1.82.58,3.69-.18.92-.56,1.51-.84,1.95-.09.15-.22.35-.24.42.01.07.09.26.49.51.13.08.2.09.48.13.35.04.83.1,1.47.38.07.03.74.34,1.38.92,1.3,1.16,1.67,3.13,1.75,4.57.04.66-.47,1.23-1.13,1.26-.67.03-1.23-.47-1.26-1.13-.08-1.39-.43-2.45-.95-2.92-.37-.33-.77-.52-.78-.52-.29-.13-.48-.15-.75-.18-.38-.04-.89-.1-1.49-.48-1.1-.7-1.45-1.53-1.56-2.11-.17-.97.26-1.64.57-2.13.22-.35.41-.65.51-1.12.21-1.08-.32-2.05-.32-2.06-.64-1.15-1.04-1.15-1.51-1.15-.34,0-.86,0-1.5,1.15,0,.01-.54.98-.33,2.06.09.47.28.77.51,1.11.31.49.75,1.17.57,2.14-.1.57-.46,1.41-1.56,2.11-.6.38-1.11.44-1.49.48-.27.03-.46.05-.76.19h0s-.4.19-.77.52c-.53.47-.88,1.54-.95,2.93-.04.64-.56,1.13-1.2,1.13Z\"><\/path><path class=\"cls-2\" d=\"M105.35,58.43h-25.13c-.44,0-.8-.57-.8-1.27s.36-1.27.8-1.27h25.13c.44,0,.8.57.8,1.27s-.36,1.27-.8,1.27Z\"><\/path><path class=\"cls-2\" d=\"M99.61,51.84h-19.57c-.34,0-.62-.57-.62-1.27s.28-1.27.62-1.27h19.57c.34,0,.62.57.62,1.27s-.28,1.27-.62,1.27Z\"><\/path><path class=\"cls-2\" d=\"M105.35,65.81h-25.13c-.44,0-.8-.57-.8-1.27s.36-1.27.8-1.27h25.13c.44,0,.8.57.8,1.27s-.36,1.27-.8,1.27Z\"><\/path><\/g><\/svg>\t\t\t<\/div>\n\t\t<\/div>\n\t\t\t\t\t\t<\/div>\n\t\t\t\t<\/div>\n\t\t\t\t\t<\/div>\n\t\t<\/div>\n\t\t\t\t<div class=\"elementor-column elementor-col-50 elementor-top-column elementor-element elementor-element-a4a82f5\" data-id=\"a4a82f5\" data-element_type=\"column\" data-e-type=\"column\">\n\t\t\t<div class=\"elementor-widget-wrap elementor-element-populated\">\n\t\t\t\t\t\t<div class=\"elementor-element elementor-element-951910b elementor-widget__width-initial elementor-widget elementor-widget-back-core-heading\" data-id=\"951910b\" data-element_type=\"widget\" data-e-type=\"widget\" data-widget_type=\"back-core-heading.default\">\n\t\t\t\t<div class=\"elementor-widget-container\">\n\t\t\t\t\t        <div class=\"back-heading default left \">\r\n            <div class=\"title-inner\">        \t\t      \t\t\r\n\t            <span class=\"sub-text \">Art\u00edculo 10. Numeral 16:<\/span><h2 class=\"title\"><span class=\"watermark\"><\/span>Contratos, licencias o concesiones para el usufructo o explotaci\u00f3n de bienes del estado<\/h2>\t        <\/div>\r\n\t                    \t<div class=\"description\">\r\n            \t\t<p>La informaci\u00f3n relacionada a los contratos, licencias o concesiones para el <strong>usufructo o explotaci\u00f3n de bienes del Estado.<\/strong><\/p>            \t\t\r\n            \t<\/div>\r\n        \t        <\/div>\r\n\r\n        \t\t\t\t<\/div>\n\t\t\t\t<\/div>\n\t\t\t\t\t<\/div>\n\t\t<\/div>\n\t\t\t\t\t<\/div>\n\t\t<\/section>\n\t\t\t\t<section class=\"elementor-section elementor-top-section elementor-element elementor-element-bd17bc1 elementor-section-stretched elementor-section-full_width elementor-section-height-default elementor-section-height-default\" data-id=\"bd17bc1\" data-element_type=\"section\" data-e-type=\"section\" data-settings=\"{&quot;stretch_section&quot;:&quot;section-stretched&quot;}\">\n\t\t\t\t\t\t<div class=\"elementor-container elementor-column-gap-default\">\n\t\t\t\t\t<div class=\"elementor-column elementor-col-100 elementor-top-column elementor-element elementor-element-fe6d951\" data-id=\"fe6d951\" data-element_type=\"column\" data-e-type=\"column\">\n\t\t\t<div class=\"elementor-widget-wrap elementor-element-populated\">\n\t\t\t\t\t\t<section class=\"elementor-section elementor-inner-section elementor-element elementor-element-32be198 elementor-section-boxed elementor-section-height-default elementor-section-height-default\" data-id=\"32be198\" data-element_type=\"section\" data-e-type=\"section\">\n\t\t\t\t\t\t<div class=\"elementor-container elementor-column-gap-default\">\n\t\t\t\t\t<div class=\"elementor-column elementor-col-33 elementor-inner-column elementor-element elementor-element-3ec9d5e\" data-id=\"3ec9d5e\" data-element_type=\"column\" data-e-type=\"column\">\n\t\t\t<div class=\"elementor-widget-wrap\">\n\t\t\t\t\t\t\t<\/div>\n\t\t<\/div>\n\t\t\t\t<div class=\"elementor-column elementor-col-33 elementor-inner-column elementor-element elementor-element-c665231\" data-id=\"c665231\" data-element_type=\"column\" data-e-type=\"column\">\n\t\t\t<div class=\"elementor-widget-wrap elementor-element-populated\">\n\t\t\t\t<div class=\"elementor-element elementor-element-03b71fb e-con-full e-flex e-con e-parent\" data-id=\"03b71fb\" data-element_type=\"container\" data-e-type=\"container\">\n\t\t\t\t<div class=\"elementor-element elementor-element-031c6ba elementor-widget__width-initial elementor-widget elementor-widget-back-core-heading\" data-id=\"031c6ba\" data-element_type=\"widget\" data-e-type=\"widget\" data-widget_type=\"back-core-heading.default\">\n\t\t\t\t<div class=\"elementor-widget-container\">\n\t\t\t\t\t        <div class=\"back-heading default left \">\r\n            <div class=\"title-inner\">        \t\t      \t\t\r\n\t            \t        <\/div>\r\n\t                    \t<div class=\"description\">\r\n            \t\t<p style=\"text-align: center\">El Consejo Econ\u00f3mico y Social de Guatemala no genera informaci\u00f3n relacionada con contratos, licencias o concesiones para el usufructo o explotaci\u00f3n de bienes del Estado.<\/p>            \t\t\r\n            \t<\/div>\r\n        \t        <\/div>\r\n\r\n        \t\t\t\t<\/div>\n\t\t\t\t<\/div>\n\t\t\t\t<\/div>\n\t\t\t\t\t<\/div>\n\t\t<\/div>\n\t\t\t\t<div class=\"elementor-column elementor-col-33 elementor-inner-column elementor-element elementor-element-b1eaf43\" data-id=\"b1eaf43\" data-element_type=\"column\" data-e-type=\"column\">\n\t\t\t<div class=\"elementor-widget-wrap\">\n\t\t\t\t\t\t\t<\/div>\n\t\t<\/div>\n\t\t\t\t\t<\/div>\n\t\t<\/section>\n\t\t\t\t\t<\/div>\n\t\t<\/div>\n\t\t\t\t\t<\/div>\n\t\t<\/section>\n\t\t\t\t<\/div>\n\t\t","protected":false},"excerpt":{"rendered":"<p>16 Art\u00edculo 10. Numeral 16: Contratos, licencias o concesiones para el usufructo o explotaci\u00f3n de bienes del estado La informaci\u00f3n relacionada a los contratos, licencias o concesiones para el usufructo o explotaci\u00f3n de bienes del Estado. El Consejo Econ\u00f3mico y Social de Guatemala no genera informaci\u00f3n relacionada con contratos, licencias o concesiones para el usufructo&#8230;<\/p>\n","protected":false},"author":1,"featured_media":0,"parent":4734,"menu_order":0,"comment_status":"closed","ping_status":"closed","template":"elementor_header_footer","meta":{"footnotes":""},"class_list":["post-6776","page","type-page","status-publish","hentry"],"_links":{"self":[{"href":"https:\/\/ces.gob.gt\/index.php\/wp-json\/wp\/v2\/pages\/6776","targetHints":{"allow":["GET"]}}],"collection":[{"href":"https:\/\/ces.gob.gt\/index.php\/wp-json\/wp\/v2\/pages"}],"about":[{"href":"https:\/\/ces.gob.gt\/index.php\/wp-json\/wp\/v2\/types\/page"}],"author":[{"embeddable":true,"href":"https:\/\/ces.gob.gt\/index.php\/wp-json\/wp\/v2\/users\/1"}],"replies":[{"embeddable":true,"href":"https:\/\/ces.gob.gt\/index.php\/wp-json\/wp\/v2\/comments?post=6776"}],"version-history":[{"count":80,"href":"https:\/\/ces.gob.gt\/index.php\/wp-json\/wp\/v2\/pages\/6776\/revisions"}],"predecessor-version":[{"id":17326,"href":"https:\/\/ces.gob.gt\/index.php\/wp-json\/wp\/v2\/pages\/6776\/revisions\/17326"}],"up":[{"embeddable":true,"href":"https:\/\/ces.gob.gt\/index.php\/wp-json\/wp\/v2\/pages\/4734"}],"wp:attachment":[{"href":"https:\/\/ces.gob.gt\/index.php\/wp-json\/wp\/v2\/media?parent=6776"}],"curies":[{"name":"wp","href":"https:\/\/api.w.org\/{rel}","templated":true}]}}