{"id":6848,"date":"2025-08-29T15:45:56","date_gmt":"2025-08-29T13:45:56","guid":{"rendered":"https:\/\/ces.gob.gt\/?page_id=6848"},"modified":"2026-04-14T22:51:30","modified_gmt":"2026-04-14T20:51:30","slug":"compras-y-contrataciones-de-entidades-no-gubernamentales-numeral-25","status":"publish","type":"page","link":"https:\/\/ces.gob.gt\/index.php\/informacion-publica\/compras-y-contrataciones-de-entidades-no-gubernamentales-numeral-25\/","title":{"rendered":"Compras y contrataciones de entidades no gubernamentales numeral 25"},"content":{"rendered":"\t\t<div data-elementor-type=\"wp-page\" data-elementor-id=\"6848\" class=\"elementor elementor-6848\" data-elementor-post-type=\"page\">\n\t\t\t\t\t\t<section class=\"elementor-section elementor-top-section elementor-element elementor-element-313ee99 elementor-section-stretched elementor-section-boxed elementor-section-height-default elementor-section-height-default\" data-id=\"313ee99\" data-element_type=\"section\" data-settings=\"{&quot;stretch_section&quot;:&quot;section-stretched&quot;,&quot;background_background&quot;:&quot;classic&quot;}\">\n\t\t\t\t\t\t<div class=\"elementor-container elementor-column-gap-default\">\n\t\t\t\t\t<div class=\"elementor-column elementor-col-50 elementor-top-column elementor-element elementor-element-e0699b1\" data-id=\"e0699b1\" data-element_type=\"column\">\n\t\t\t<div class=\"elementor-widget-wrap elementor-element-populated\">\n\t\t\t\t\t\t<div class=\"elementor-element elementor-element-a6d2a4d iconoinfox elementor-view-default elementor-widget elementor-widget-icon\" data-id=\"a6d2a4d\" data-element_type=\"widget\" id=\"iconoinfo\" data-widget_type=\"icon.default\">\n\t\t\t\t<div class=\"elementor-widget-container\">\n\t\t\t\t\t\t\t<div class=\"elementor-icon-wrapper\">\n\t\t\t<div class=\"elementor-icon\">\n\t\t\t<svg xmlns=\"http:\/\/www.w3.org\/2000\/svg\" id=\"_Layer_\" data-name=\"&amp;lt;Layer&amp;gt;\" viewBox=\"0 0 130 130.45\"><defs><style>      .cls-1 {        font-family: MontserratRoman-SemiBold, Montserrat;        font-size: 37.41px;        font-variation-settings: 'wght' 600;        font-weight: 600;      }      .cls-1, .cls-2 {        fill: #e27b3f;      }    <\/style><\/defs><text class=\"cls-1\" transform=\"translate(12.64 76.46)\"><tspan x=\"0\" y=\"0\">25<\/tspan><\/text><g><path class=\"cls-2\" d=\"M92.42,50.76h-4.75c-.51,0-.92-.41-.92-.92s.41-.93.92-.93h4.75c.51,0,.93.41.93.93s-.41.92-.93.92Z\"><\/path><path class=\"cls-2\" d=\"M92.42,54.4h-4.75c-.51,0-.92-.41-.92-.92s.41-.92.92-.92h4.75c.51,0,.93.41.93.92s-.41.92-.93.92Z\"><\/path><path class=\"cls-2\" d=\"M92.42,58.03h-4.75c-.51,0-.92-.41-.92-.92s.41-.92.92-.92h4.75c.51,0,.93.41.93.92s-.41.92-.93.92Z\"><\/path><path class=\"cls-2\" d=\"M92.42,61.67h-4.75c-.51,0-.92-.41-.92-.92s.41-.92.92-.92h4.75c.51,0,.93.41.93.92s-.41.92-.93.92Z\"><\/path><path class=\"cls-2\" d=\"M92.42,65.3h-4.75c-.51,0-.92-.41-.92-.93s.41-.92.92-.92h4.75c.51,0,.93.41.93.92s-.41.93-.93.93Z\"><\/path><g><path class=\"cls-2\" d=\"M82.17,94.47h-19.81c-.51,0-.92-.41-.92-.92v-36.88c0-.51.41-.92.92-.92h19.81c.51,0,.92.41.92.92v36.88c0,.51-.41.92-.92.92ZM63.28,92.63h17.96v-35.03h-17.96v35.03Z\"><\/path><path class=\"cls-2\" d=\"M92.63,94.47h-20.37c-.51,0-.92-.41-.92-.92s.41-.92.92-.92h19.44v-49.47h-18.52v13.48c0,.51-.41.93-.92.93s-.92-.41-.92-.93v-14.41c0-.51.41-.92.92-.92h20.37c.51,0,.93.41.93.92v51.32c0,.51-.41.92-.93.92Z\"><\/path><path class=\"cls-2\" d=\"M113.73,94.47h-21.1c-.51,0-.92-.41-.92-.92v-29.17c0-.51.41-.92.92-.92h21.1c.51,0,.92.41.92.92v29.17c0,.51-.41.92-.92.92ZM93.56,92.63h19.25v-27.32h-19.25v27.32Z\"><\/path><path class=\"cls-2\" d=\"M110.43,64.94h-7.25c-.51,0-.92-.41-.92-.92v-4.4c0-.51.41-.93.92-.93h7.25c.51,0,.92.41.92.93v4.4c0,.51-.41.92-.92.92ZM104.11,63.09h5.4v-2.55h-5.4v2.55Z\"><\/path><path class=\"cls-2\" d=\"M108.84,73.95h-3.34c-.51,0-.93-.41-.93-.93v-3.34c0-.51.41-.92.93-.92h3.34c.51,0,.92.41.92.92v3.34c0,.51-.41.93-.92.93ZM106.43,72.1h1.49v-1.49h-1.49v1.49Z\"><\/path><path class=\"cls-2\" d=\"M101.06,73.95h-3.34c-.51,0-.92-.41-.92-.93v-3.34c0-.51.41-.92.92-.92h3.34c.51,0,.92.41.92.92v3.34c0,.51-.41.93-.92.93ZM98.65,72.1h1.49v-1.49h-1.49v1.49Z\"><\/path><path class=\"cls-2\" d=\"M108.84,81.44h-3.34c-.51,0-.93-.41-.93-.92v-3.34c0-.51.41-.92.93-.92h3.34c.51,0,.92.41.92.92v3.34c0,.51-.41.92-.92.92ZM106.43,79.59h1.49v-1.49h-1.49v1.49Z\"><\/path><path class=\"cls-2\" d=\"M69,66.05h-3.33c-.51,0-.93-.41-.93-.92v-3.34c0-.51.41-.92.93-.92h3.33c.51,0,.92.41.92.92v3.34c0,.51-.41.92-.92.92ZM66.59,64.2h1.49v-1.49h-1.49v1.49Z\"><\/path><path class=\"cls-2\" d=\"M69,73.45h-3.33c-.51,0-.93-.41-.93-.92v-3.34c0-.51.41-.92.93-.92h3.33c.51,0,.92.41.92.92v3.34c0,.51-.41.92-.92.92ZM66.59,71.6h1.49v-1.49h-1.49v1.49Z\"><\/path><path class=\"cls-2\" d=\"M69,80.84h-3.33c-.51,0-.93-.41-.93-.93v-3.34c0-.51.41-.92.93-.92h3.33c.51,0,.92.41.92.92v3.34c0,.51-.41.93-.92.93ZM66.59,78.99h1.49v-1.49h-1.49v1.49Z\"><\/path><path class=\"cls-2\" d=\"M69,88.24h-3.33c-.51,0-.93-.41-.93-.92v-3.33c0-.51.41-.93.93-.93h3.33c.51,0,.92.41.92.93v3.33c0,.51-.41.92-.92.92ZM66.59,86.39h1.49v-1.49h-1.49v1.49Z\"><\/path><path class=\"cls-2\" d=\"M101.06,81.44h-3.34c-.51,0-.92-.41-.92-.92v-3.34c0-.51.41-.92.92-.92h3.34c.51,0,.92.41.92.92v3.34c0,.51-.41.92-.92.92ZM98.65,79.59h1.49v-1.49h-1.49v1.49Z\"><\/path><path class=\"cls-2\" d=\"M108.84,88.93h-3.34c-.51,0-.93-.41-.93-.92v-3.34c0-.51.41-.92.93-.92h3.34c.51,0,.92.41.92.92v3.34c0,.51-.41.92-.92.92ZM106.43,87.08h1.49v-1.49h-1.49v1.49Z\"><\/path><path class=\"cls-2\" d=\"M101.06,88.93h-3.34c-.51,0-.92-.41-.92-.92v-3.34c0-.51.41-.92.92-.92h3.34c.51,0,.92.41.92.92v3.34c0,.51-.41.92-.92.92ZM98.65,87.08h1.49v-1.49h-1.49v1.49Z\"><\/path><path class=\"cls-2\" d=\"M81.97,65.3h-9.71c-.51,0-.92-.41-.92-.93s.41-.92.92-.92h9.71c.51,0,.93.41.93.92s-.41.93-.93.93Z\"><\/path><path class=\"cls-2\" d=\"M81.97,68.81h-9.71c-.51,0-.92-.41-.92-.92s.41-.92.92-.92h9.71c.51,0,.93.41.93.92s-.41.92-.93.92Z\"><\/path><path class=\"cls-2\" d=\"M81.97,72.32h-9.71c-.51,0-.92-.41-.92-.92s.41-.93.92-.93h9.71c.51,0,.93.41.93.93s-.41.92-.93.92Z\"><\/path><path class=\"cls-2\" d=\"M81.97,75.83h-9.71c-.51,0-.92-.41-.92-.92s.41-.93.92-.93h9.71c.51,0,.93.41.93.93s-.41.92-.93.92Z\"><\/path><path class=\"cls-2\" d=\"M81.97,79.34h-9.71c-.51,0-.92-.41-.92-.92s.41-.92.92-.92h9.71c.51,0,.93.41.93.92s-.41.92-.93.92Z\"><\/path><path class=\"cls-2\" d=\"M81.97,82.85h-9.71c-.51,0-.92-.41-.92-.92s.41-.92.92-.92h9.71c.51,0,.93.41.93.92s-.41.92-.93.92Z\"><\/path><path class=\"cls-2\" d=\"M81.97,86.36h-9.71c-.51,0-.92-.41-.92-.92s.41-.92.92-.92h9.71c.51,0,.93.41.93.92s-.41.92-.93.92Z\"><\/path><\/g><\/g><\/svg>\t\t\t<\/div>\n\t\t<\/div>\n\t\t\t\t\t\t<\/div>\n\t\t\t\t<\/div>\n\t\t\t\t\t<\/div>\n\t\t<\/div>\n\t\t\t\t<div class=\"elementor-column elementor-col-50 elementor-top-column elementor-element elementor-element-a4a82f5\" data-id=\"a4a82f5\" data-element_type=\"column\">\n\t\t\t<div class=\"elementor-widget-wrap elementor-element-populated\">\n\t\t\t\t\t\t<div class=\"elementor-element elementor-element-951910b elementor-widget__width-initial elementor-widget elementor-widget-back-core-heading\" data-id=\"951910b\" data-element_type=\"widget\" data-widget_type=\"back-core-heading.default\">\n\t\t\t\t<div class=\"elementor-widget-container\">\n\t\t\t\t\t        <div class=\"back-heading default left \">\r\n            <div class=\"title-inner\">        \t\t      \t\t\r\n\t            <span class=\"sub-text \">Art\u00edculo 10. Numeral 25:<\/span><h2 class=\"title\"><span class=\"watermark\"><\/span>Compras y contrataciones de entidades no gubernamentales<\/h2>\t        <\/div>\r\n\t                    \t<div class=\"description\">\r\n            \t\tEn caso de las entidades no gubernamentales o de car\u00e1cter privado que manejen o administren fondos p\u00fablicos deben hacer p\u00fablica la informaci\u00f3n obligatoria contenida en los numerales anteriores, relacionada \u00fanicamente a las compras y contrataciones que realicen con dichos fondos.            \t\t\r\n            \t<\/div>\r\n        \t        <\/div>\r\n\r\n        \t\t\t\t<\/div>\n\t\t\t\t<\/div>\n\t\t\t\t\t<\/div>\n\t\t<\/div>\n\t\t\t\t\t<\/div>\n\t\t<\/section>\n\t\t\t\t<section class=\"elementor-section elementor-top-section elementor-element elementor-element-bd17bc1 elementor-section-stretched elementor-section-full_width elementor-section-height-default elementor-section-height-default\" data-id=\"bd17bc1\" data-element_type=\"section\" data-settings=\"{&quot;stretch_section&quot;:&quot;section-stretched&quot;}\">\n\t\t\t\t\t\t<div class=\"elementor-container elementor-column-gap-default\">\n\t\t\t\t\t<div class=\"elementor-column elementor-col-100 elementor-top-column elementor-element elementor-element-fe6d951\" data-id=\"fe6d951\" data-element_type=\"column\">\n\t\t\t<div class=\"elementor-widget-wrap elementor-element-populated\">\n\t\t\t\t\t\t<section class=\"elementor-section elementor-inner-section elementor-element elementor-element-32be198 elementor-section-boxed elementor-section-height-default elementor-section-height-default\" data-id=\"32be198\" data-element_type=\"section\">\n\t\t\t\t\t\t<div class=\"elementor-container elementor-column-gap-default\">\n\t\t\t\t\t<div class=\"elementor-column elementor-col-33 elementor-inner-column elementor-element elementor-element-3ec9d5e\" data-id=\"3ec9d5e\" data-element_type=\"column\">\n\t\t\t<div class=\"elementor-widget-wrap\">\n\t\t\t\t\t\t\t<\/div>\n\t\t<\/div>\n\t\t\t\t<div class=\"elementor-column elementor-col-33 elementor-inner-column elementor-element elementor-element-c665231\" data-id=\"c665231\" data-element_type=\"column\">\n\t\t\t<div class=\"elementor-widget-wrap elementor-element-populated\">\n\t\t\t\t<div class=\"elementor-element elementor-element-aa877f4 e-con-full e-flex e-con e-parent\" data-id=\"aa877f4\" data-element_type=\"container\">\n\t\t\t\t<div class=\"elementor-element elementor-element-8dc7941 elementor-widget__width-initial elementor-widget elementor-widget-back-core-heading\" data-id=\"8dc7941\" data-element_type=\"widget\" data-widget_type=\"back-core-heading.default\">\n\t\t\t\t<div class=\"elementor-widget-container\">\n\t\t\t\t\t        <div class=\"back-heading default center \">\r\n            <div class=\"title-inner\">        \t\t      \t\t\r\n\t            \t        <\/div>\r\n\t                    \t<div class=\"description\">\r\n            \t\t<p>Dicho numeral no es aplicable ya que el Consejo Econ\u00f3mico y Social de Guatemala es una entidad aut\u00f3noma de car\u00e1cter nacional.<\/p>            \t\t\r\n            \t<\/div>\r\n        \t        <\/div>\r\n\r\n        \t\t\t\t<\/div>\n\t\t\t\t<\/div>\n\t\t\t\t<\/div>\n\t\t\t\t\t<\/div>\n\t\t<\/div>\n\t\t\t\t<div class=\"elementor-column elementor-col-33 elementor-inner-column elementor-element elementor-element-b1eaf43\" data-id=\"b1eaf43\" data-element_type=\"column\">\n\t\t\t<div class=\"elementor-widget-wrap\">\n\t\t\t\t\t\t\t<\/div>\n\t\t<\/div>\n\t\t\t\t\t<\/div>\n\t\t<\/section>\n\t\t\t\t\t<\/div>\n\t\t<\/div>\n\t\t\t\t\t<\/div>\n\t\t<\/section>\n\t\t\t\t<\/div>\n\t\t","protected":false},"excerpt":{"rendered":"<p>25 Art\u00edculo 10. Numeral 25: Compras y contrataciones de entidades no gubernamentales En caso de las entidades no gubernamentales o de car\u00e1cter privado que manejen o administren fondos p\u00fablicos deben hacer p\u00fablica la informaci\u00f3n obligatoria contenida en los numerales anteriores, relacionada \u00fanicamente a las compras y contrataciones que realicen con dichos fondos. Dicho numeral no&#8230;<\/p>\n","protected":false},"author":1,"featured_media":0,"parent":4734,"menu_order":0,"comment_status":"closed","ping_status":"closed","template":"elementor_header_footer","meta":{"footnotes":""},"class_list":["post-6848","page","type-page","status-publish","hentry"],"_links":{"self":[{"href":"https:\/\/ces.gob.gt\/index.php\/wp-json\/wp\/v2\/pages\/6848","targetHints":{"allow":["GET"]}}],"collection":[{"href":"https:\/\/ces.gob.gt\/index.php\/wp-json\/wp\/v2\/pages"}],"about":[{"href":"https:\/\/ces.gob.gt\/index.php\/wp-json\/wp\/v2\/types\/page"}],"author":[{"embeddable":true,"href":"https:\/\/ces.gob.gt\/index.php\/wp-json\/wp\/v2\/users\/1"}],"replies":[{"embeddable":true,"href":"https:\/\/ces.gob.gt\/index.php\/wp-json\/wp\/v2\/comments?post=6848"}],"version-history":[{"count":55,"href":"https:\/\/ces.gob.gt\/index.php\/wp-json\/wp\/v2\/pages\/6848\/revisions"}],"predecessor-version":[{"id":17353,"href":"https:\/\/ces.gob.gt\/index.php\/wp-json\/wp\/v2\/pages\/6848\/revisions\/17353"}],"up":[{"embeddable":true,"href":"https:\/\/ces.gob.gt\/index.php\/wp-json\/wp\/v2\/pages\/4734"}],"wp:attachment":[{"href":"https:\/\/ces.gob.gt\/index.php\/wp-json\/wp\/v2\/media?parent=6848"}],"curies":[{"name":"wp","href":"https:\/\/api.w.org\/{rel}","templated":true}]}}