{"id":6864,"date":"2025-08-31T10:54:15","date_gmt":"2025-08-31T08:54:15","guid":{"rendered":"https:\/\/ces.gob.gt\/?page_id=6864"},"modified":"2025-08-31T11:07:12","modified_gmt":"2025-08-31T09:07:12","slug":"pertenencia-sociolinguistica-de-los-usuarios-numeral-28","status":"publish","type":"page","link":"https:\/\/ces.gob.gt\/index.php\/informacion-publica\/pertenencia-sociolinguistica-de-los-usuarios-numeral-28\/","title":{"rendered":"Pertenencia socioling\u00fc\u00edstica de los usuarios numeral 28"},"content":{"rendered":"\t\t<div data-elementor-type=\"wp-page\" data-elementor-id=\"6864\" class=\"elementor elementor-6864\" data-elementor-post-type=\"page\">\n\t\t\t\t\t\t<section class=\"elementor-section elementor-top-section elementor-element elementor-element-313ee99 elementor-section-stretched elementor-section-boxed elementor-section-height-default elementor-section-height-default\" data-id=\"313ee99\" data-element_type=\"section\" data-e-type=\"section\" data-settings=\"{&quot;stretch_section&quot;:&quot;section-stretched&quot;,&quot;background_background&quot;:&quot;classic&quot;}\">\n\t\t\t\t\t\t<div class=\"elementor-container elementor-column-gap-default\">\n\t\t\t\t\t<div class=\"elementor-column elementor-col-50 elementor-top-column elementor-element elementor-element-e0699b1\" data-id=\"e0699b1\" data-element_type=\"column\" data-e-type=\"column\">\n\t\t\t<div class=\"elementor-widget-wrap elementor-element-populated\">\n\t\t\t\t\t\t<div class=\"elementor-element elementor-element-a6d2a4d iconoinfox elementor-view-default elementor-widget elementor-widget-icon\" data-id=\"a6d2a4d\" data-element_type=\"widget\" data-e-type=\"widget\" id=\"iconoinfo\" data-widget_type=\"icon.default\">\n\t\t\t\t<div class=\"elementor-widget-container\">\n\t\t\t\t\t\t\t<div class=\"elementor-icon-wrapper\">\n\t\t\t<div class=\"elementor-icon\">\n\t\t\t<svg xmlns=\"http:\/\/www.w3.org\/2000\/svg\" id=\"_Layer_\" data-name=\"&amp;lt;Layer&amp;gt;\" viewBox=\"0 0 130 130.45\"><defs><style>      .cls-1 {        font-family: MontserratRoman-SemiBold, Montserrat;        font-size: 37.41px;        font-variation-settings: 'wght' 600;        font-weight: 600;      }      .cls-1, .cls-2 {        fill: #e27b3f;      }    <\/style><\/defs><text class=\"cls-1\" transform=\"translate(11.37 76.46)\"><tspan x=\"0\" y=\"0\">28<\/tspan><\/text><g><path class=\"cls-2\" d=\"M78.71,49.56c-.52,0-.94-.42-.94-.94,0-3.07,2.5-5.56,5.56-5.56h3.2c.52,0,.94.42.94.94s-.42.94-.94.94h-3.2c-2.03,0-3.69,1.65-3.69,3.69,0,.52-.42.94-.94.94Z\"><\/path><path class=\"cls-2\" d=\"M94.37,49.56c-.52,0-.94-.42-.94-.94,0-2.03-1.65-3.69-3.69-3.69h-3.2c-.52,0-.94-.42-.94-.94s.42-.94.94-.94h3.2c3.07,0,5.56,2.5,5.56,5.56,0,.52-.42.94-.94.94Z\"><\/path><g><g><path class=\"cls-2\" d=\"M77.88,59.41c-2.41,0-4.37-2.4-4.37-5.36s1.96-5.36,4.37-5.36,4.37,2.4,4.37,5.36-1.96,5.36-4.37,5.36ZM77.88,50.57c-1.35,0-2.49,1.6-2.49,3.48s1.14,3.48,2.49,3.48,2.49-1.59,2.49-3.48-1.14-3.48-2.49-3.48Z\"><\/path><path class=\"cls-2\" d=\"M77.88,89.41h-5c-.52,0-.94-.42-.94-.94v-24.02c0-.52.42-.94.94-.94s.94.42.94.94v23.09h4.06c.52,0,.94.42.94.94s-.42.94-.94.94Z\"><\/path><path class=\"cls-2\" d=\"M72.88,74.67c-2.79,0-4.6-2.14-4.6-5.46v-5.6c0-3.34,2.72-6.06,6.06-6.06h3.54c.52,0,.94.42.94.94s-.42.94-.94.94h-3.54c-2.31,0-4.18,1.88-4.18,4.18v5.6c0,1.08.27,3.59,2.72,3.59.52,0,.94.42.94.94s-.42.94-.94.94Z\"><\/path><path class=\"cls-2\" d=\"M82.88,89.41h-5c-.52,0-.94-.42-.94-.94s.42-.94.94-.94h4.06v-23.09c0-.52.42-.94.94-.94s.94.42.94.94v24.02c0,.52-.42.94-.94.94Z\"><\/path><path class=\"cls-2\" d=\"M82.88,74.67c-.52,0-.94-.42-.94-.94s.42-.94.94-.94c2.46,0,2.72-2.51,2.72-3.59v-5.6c0-2.31-1.88-4.18-4.18-4.18h-3.54c-.52,0-.94-.42-.94-.94s.42-.94.94-.94h3.54c3.34,0,6.06,2.72,6.06,6.06v5.6c0,3.32-1.81,5.46-4.6,5.46Z\"><\/path><path class=\"cls-2\" d=\"M77.88,89.41c-.52,0-.94-.42-.94-.94v-12.1c0-.52.42-.94.94-.94s.94.42.94.94v12.1c0,.52-.42.94-.94.94Z\"><\/path><\/g><g><path class=\"cls-2\" d=\"M95.2,59.41c-2.41,0-4.37-2.4-4.37-5.36s1.96-5.36,4.37-5.36,4.37,2.4,4.37,5.36-1.96,5.36-4.37,5.36ZM95.2,50.57c-1.35,0-2.49,1.6-2.49,3.48s1.14,3.48,2.49,3.48,2.49-1.59,2.49-3.48-1.14-3.48-2.49-3.48Z\"><\/path><path class=\"cls-2\" d=\"M95.2,89.41h-5c-.52,0-.94-.42-.94-.94v-24.02c0-.52.42-.94.94-.94s.94.42.94.94v23.09h4.06c.52,0,.94.42.94.94s-.42.94-.94.94Z\"><\/path><path class=\"cls-2\" d=\"M90.2,74.67c-2.79,0-4.6-2.14-4.6-5.46v-5.6c0-3.34,2.72-6.06,6.06-6.06h3.54c.52,0,.94.42.94.94s-.42.94-.94.94h-3.54c-2.31,0-4.18,1.88-4.18,4.18v5.6c0,1.08.27,3.59,2.72,3.59.52,0,.94.42.94.94s-.42.94-.94.94Z\"><\/path><path class=\"cls-2\" d=\"M100.2,89.41h-5c-.52,0-.94-.42-.94-.94s.42-.94.94-.94h4.06v-23.09c0-.52.42-.94.94-.94s.94.42.94.94v24.02c0,.52-.42.94-.94.94Z\"><\/path><path class=\"cls-2\" d=\"M100.2,74.67c-.52,0-.94-.42-.94-.94s.42-.94.94-.94c2.46,0,2.72-2.51,2.72-3.59v-5.6c0-2.31-1.88-4.18-4.18-4.18h-3.54c-.52,0-.94-.42-.94-.94s.42-.94.94-.94h3.54c3.34,0,6.06,2.72,6.06,6.06v5.6c0,3.32-1.8,5.46-4.6,5.46Z\"><\/path><path class=\"cls-2\" d=\"M95.2,89.41c-.52,0-.94-.42-.94-.94v-12.1c0-.52.42-.94.94-.94s.94.42.94.94v12.1c0,.52-.42.94-.94.94Z\"><\/path><\/g><path class=\"cls-2\" d=\"M86.54,44.91c-2.23,0-4.04-2.21-4.04-4.93s1.81-4.93,4.04-4.93,4.04,2.21,4.04,4.93-1.81,4.93-4.04,4.93ZM86.54,36.92c-1.17,0-2.16,1.4-2.16,3.06s.99,3.06,2.16,3.06,2.16-1.4,2.16-3.06-.99-3.06-2.16-3.06Z\"><\/path><\/g><\/g><\/svg>\t\t\t<\/div>\n\t\t<\/div>\n\t\t\t\t\t\t<\/div>\n\t\t\t\t<\/div>\n\t\t\t\t\t<\/div>\n\t\t<\/div>\n\t\t\t\t<div class=\"elementor-column elementor-col-50 elementor-top-column elementor-element elementor-element-a4a82f5\" data-id=\"a4a82f5\" data-element_type=\"column\" data-e-type=\"column\">\n\t\t\t<div class=\"elementor-widget-wrap elementor-element-populated\">\n\t\t\t\t\t\t<div class=\"elementor-element elementor-element-951910b elementor-widget__width-initial elementor-widget elementor-widget-back-core-heading\" data-id=\"951910b\" data-element_type=\"widget\" data-e-type=\"widget\" data-widget_type=\"back-core-heading.default\">\n\t\t\t\t<div class=\"elementor-widget-container\">\n\t\t\t\t\t        <div class=\"back-heading default left \">\r\n            <div class=\"title-inner\">        \t\t      \t\t\r\n\t            <span class=\"sub-text \">Art\u00edculo 10. Numeral 28:<\/span><h2 class=\"title\"><span class=\"watermark\"><\/span>Pertenencia socioling\u00fc\u00edstica de los usuarios<\/h2>\t        <\/div>\r\n\t                    \t<div class=\"description\">\r\n            \t\tLas entidades e instituciones del Estado deber\u00e1n mantener informe actualizado sobre los datos relacionados con la pertenencia socioling\u00fc\u00edstica de los usuarios de sus servicios, a efecto de adecuar la prestaci\u00f3n de los mismos.            \t\t\r\n            \t<\/div>\r\n        \t        <\/div>\r\n\r\n        \t\t\t\t<\/div>\n\t\t\t\t<\/div>\n\t\t\t\t\t<\/div>\n\t\t<\/div>\n\t\t\t\t\t<\/div>\n\t\t<\/section>\n\t\t\t\t<section class=\"elementor-section elementor-top-section elementor-element elementor-element-bd17bc1 elementor-section-stretched elementor-section-full_width elementor-section-height-default elementor-section-height-default\" data-id=\"bd17bc1\" data-element_type=\"section\" data-e-type=\"section\" data-settings=\"{&quot;stretch_section&quot;:&quot;section-stretched&quot;}\">\n\t\t\t\t\t\t<div class=\"elementor-container elementor-column-gap-default\">\n\t\t\t\t\t<div class=\"elementor-column elementor-col-100 elementor-top-column elementor-element elementor-element-fe6d951\" data-id=\"fe6d951\" data-element_type=\"column\" data-e-type=\"column\">\n\t\t\t<div class=\"elementor-widget-wrap elementor-element-populated\">\n\t\t\t\t\t\t<section class=\"elementor-section elementor-inner-section elementor-element elementor-element-32be198 elementor-section-boxed elementor-section-height-default elementor-section-height-default\" data-id=\"32be198\" data-element_type=\"section\" data-e-type=\"section\">\n\t\t\t\t\t\t<div class=\"elementor-container elementor-column-gap-default\">\n\t\t\t\t\t<div class=\"elementor-column elementor-col-33 elementor-inner-column elementor-element elementor-element-3ec9d5e\" data-id=\"3ec9d5e\" data-element_type=\"column\" data-e-type=\"column\">\n\t\t\t<div class=\"elementor-widget-wrap\">\n\t\t\t\t\t\t\t<\/div>\n\t\t<\/div>\n\t\t\t\t<div class=\"elementor-column elementor-col-33 elementor-inner-column elementor-element elementor-element-c665231\" data-id=\"c665231\" data-element_type=\"column\" data-e-type=\"column\">\n\t\t\t<div class=\"elementor-widget-wrap elementor-element-populated\">\n\t\t\t\t<div class=\"elementor-element elementor-element-03b71fb e-con-full e-flex e-con e-parent\" data-id=\"03b71fb\" data-element_type=\"container\" data-e-type=\"container\">\n\t\t\t\t<div class=\"elementor-element elementor-element-031c6ba elementor-widget__width-initial elementor-widget elementor-widget-back-core-heading\" data-id=\"031c6ba\" data-element_type=\"widget\" data-e-type=\"widget\" data-widget_type=\"back-core-heading.default\">\n\t\t\t\t<div class=\"elementor-widget-container\">\n\t\t\t\t\t        <div class=\"back-heading default left \">\r\n            <div class=\"title-inner\">        \t\t      \t\t\r\n\t            \t        <\/div>\r\n\t                    \t<div class=\"description\">\r\n            \t\t<p><strong>El Consejo Econ\u00f3mico y Social de Guatemala seg\u00fan el Art\u00edculo 1. del Decreto N\u00famero 2-2012 \u201cLey Org\u00e1nica del Consejo Econ\u00f3mico y Social de Guatemala\u201d, funge como un \u00f3rgano consultivo del Estado, debido a esto por el momento no cuenta con informaci\u00f3n relacionada a este numeral.<\/strong><\/p>            \t\t\r\n            \t<\/div>\r\n        \t        <\/div>\r\n\r\n        \t\t\t\t<\/div>\n\t\t\t\t<\/div>\n\t\t\t\t<\/div>\n\t\t\t\t\t<\/div>\n\t\t<\/div>\n\t\t\t\t<div class=\"elementor-column elementor-col-33 elementor-inner-column elementor-element elementor-element-b1eaf43\" data-id=\"b1eaf43\" data-element_type=\"column\" data-e-type=\"column\">\n\t\t\t<div class=\"elementor-widget-wrap\">\n\t\t\t\t\t\t\t<\/div>\n\t\t<\/div>\n\t\t\t\t\t<\/div>\n\t\t<\/section>\n\t\t\t\t\t<\/div>\n\t\t<\/div>\n\t\t\t\t\t<\/div>\n\t\t<\/section>\n\t\t\t\t<\/div>\n\t\t","protected":false},"excerpt":{"rendered":"<p>28 Art\u00edculo 10. Numeral 28: Pertenencia socioling\u00fc\u00edstica de los usuarios Las entidades e instituciones del Estado deber\u00e1n mantener informe actualizado sobre los datos relacionados con la pertenencia socioling\u00fc\u00edstica de los usuarios de sus servicios, a efecto de adecuar la prestaci\u00f3n de los mismos. El Consejo Econ\u00f3mico y Social de Guatemala seg\u00fan el Art\u00edculo 1. del&#8230;<\/p>\n","protected":false},"author":1,"featured_media":0,"parent":4734,"menu_order":0,"comment_status":"closed","ping_status":"closed","template":"elementor_header_footer","meta":{"footnotes":""},"class_list":["post-6864","page","type-page","status-publish","hentry"],"_links":{"self":[{"href":"https:\/\/ces.gob.gt\/index.php\/wp-json\/wp\/v2\/pages\/6864","targetHints":{"allow":["GET"]}}],"collection":[{"href":"https:\/\/ces.gob.gt\/index.php\/wp-json\/wp\/v2\/pages"}],"about":[{"href":"https:\/\/ces.gob.gt\/index.php\/wp-json\/wp\/v2\/types\/page"}],"author":[{"embeddable":true,"href":"https:\/\/ces.gob.gt\/index.php\/wp-json\/wp\/v2\/users\/1"}],"replies":[{"embeddable":true,"href":"https:\/\/ces.gob.gt\/index.php\/wp-json\/wp\/v2\/comments?post=6864"}],"version-history":[{"count":7,"href":"https:\/\/ces.gob.gt\/index.php\/wp-json\/wp\/v2\/pages\/6864\/revisions"}],"predecessor-version":[{"id":6871,"href":"https:\/\/ces.gob.gt\/index.php\/wp-json\/wp\/v2\/pages\/6864\/revisions\/6871"}],"up":[{"embeddable":true,"href":"https:\/\/ces.gob.gt\/index.php\/wp-json\/wp\/v2\/pages\/4734"}],"wp:attachment":[{"href":"https:\/\/ces.gob.gt\/index.php\/wp-json\/wp\/v2\/media?parent=6864"}],"curies":[{"name":"wp","href":"https:\/\/api.w.org\/{rel}","templated":true}]}}