{"id":6872,"date":"2025-08-31T11:09:41","date_gmt":"2025-08-31T09:09:41","guid":{"rendered":"https:\/\/ces.gob.gt\/?page_id=6872"},"modified":"2025-09-27T00:39:19","modified_gmt":"2025-09-26T22:39:19","slug":"otros-numeral-29","status":"publish","type":"page","link":"https:\/\/ces.gob.gt\/index.php\/informacion-publica\/otros-numeral-29\/","title":{"rendered":"Otros numeral 29"},"content":{"rendered":"\t\t<div data-elementor-type=\"wp-page\" data-elementor-id=\"6872\" class=\"elementor elementor-6872\" data-elementor-post-type=\"page\">\n\t\t\t\t\t\t<section class=\"elementor-section elementor-top-section elementor-element elementor-element-313ee99 elementor-section-stretched elementor-section-boxed elementor-section-height-default elementor-section-height-default\" data-id=\"313ee99\" data-element_type=\"section\" data-settings=\"{&quot;stretch_section&quot;:&quot;section-stretched&quot;,&quot;background_background&quot;:&quot;classic&quot;}\">\n\t\t\t\t\t\t<div class=\"elementor-container elementor-column-gap-default\">\n\t\t\t\t\t<div class=\"elementor-column elementor-col-50 elementor-top-column elementor-element elementor-element-e0699b1\" data-id=\"e0699b1\" data-element_type=\"column\">\n\t\t\t<div class=\"elementor-widget-wrap elementor-element-populated\">\n\t\t\t\t\t\t<div class=\"elementor-element elementor-element-a6d2a4d iconoinfox elementor-view-default elementor-widget elementor-widget-icon\" data-id=\"a6d2a4d\" data-element_type=\"widget\" id=\"iconoinfo\" data-widget_type=\"icon.default\">\n\t\t\t\t<div class=\"elementor-widget-container\">\n\t\t\t\t\t\t\t<div class=\"elementor-icon-wrapper\">\n\t\t\t<div class=\"elementor-icon\">\n\t\t\t<svg xmlns=\"http:\/\/www.w3.org\/2000\/svg\" id=\"_Layer_\" data-name=\"&amp;lt;Layer&amp;gt;\" viewBox=\"0 0 130 130.45\"><defs><style>      .cls-1 {        font-family: MontserratRoman-SemiBold, Montserrat;        font-size: 37.41px;        font-variation-settings: 'wght' 600;        font-weight: 600;      }      .cls-1, .cls-2 {        fill: #e27b3f;      }    <\/style><\/defs><text class=\"cls-1\" transform=\"translate(11.83 76.46)\"><tspan x=\"0\" y=\"0\">29<\/tspan><\/text><g><g><path class=\"cls-2\" d=\"M85.49,73.74c-5.34,0-9.68-4.34-9.68-9.68,0-2.54.97-4.93,2.74-6.75,1.06-1.09,2.38-1.93,3.81-2.41,1.99-.69,4.25-.69,6.25,0,1.43.49,2.75,1.32,3.8,2.4t0,0s0,0,.01.01c1.77,1.82,2.74,4.21,2.74,6.75,0,5.34-4.34,9.68-9.68,9.68ZM85.49,55.64c-.94,0-1.85.15-2.72.45-1.25.42-2.39,1.15-3.31,2.1-1.54,1.59-2.39,3.67-2.39,5.88,0,4.65,3.78,8.43,8.43,8.43s8.43-3.78,8.43-8.43c0-2.19-.83-4.25-2.34-5.83-.04-.03-.07-.07-.1-.1-.91-.92-2.04-1.63-3.26-2.04-.87-.3-1.78-.45-2.72-.45Z\"><\/path><path class=\"cls-2\" d=\"M89.34,72.94l4.84,4.84s.03-.03.04-.02c2.32,2.32,5.2-.55,2.88-2.87-.01-.01.01-.04.02-.05-1.46-1.46-2.92-2.92-4.38-4.38l-3.39,2.49Z\"><\/path><g><path class=\"cls-2\" d=\"M70.32,89.06c-1.29,0-2.34-1.05-2.34-2.34v-36.23c0-.48.38-.86.86-.86s.86.39.86.86v36.23c0,.34.28.61.61.61h33.44c.1,0,.17-.05.2-.09.03-.03.08-.1.08-.2v-45.87c0-.16-.13-.29-.29-.29h-24.45c-.48,0-.86-.38-.86-.86s.39-.86.86-.86h24.45c1.11,0,2.01.9,2.01,2.01v45.87c0,.54-.21,1.04-.59,1.42-.38.38-.89.59-1.42.59h-33.44Z\"><\/path><path class=\"cls-2\" d=\"M68.85,51.35c-.35,0-.66-.21-.8-.53-.13-.32-.06-.69.19-.94l10.46-10.46c.25-.25.62-.32.94-.19.32.13.53.45.53.8v10.46c0,.48-.38.86-.86.86h-10.46ZM78.44,42.11l-7.52,7.52h7.52s0-7.52,0-7.52Z\"><\/path><\/g><\/g><path class=\"cls-2\" d=\"M85.49,70.09c-.51,0-.92-.41-.92-.92,0-3.08-1.26-4.34-4.34-4.34-.51,0-.92-.41-.92-.92s.41-.92.92-.92c3.08,0,4.34-1.26,4.34-4.34,0-.51.41-.92.92-.92s.92.41.92.92c0,3.08,1.26,4.34,4.34,4.34.51,0,.92.41.92.92s-.41.92-.92.92c-3.08,0-4.34,1.26-4.34,4.34,0,.51-.41.92-.92.92ZM84.06,63.92c.59.37,1.06.84,1.43,1.43.37-.59.84-1.06,1.43-1.43-.59-.37-1.06-.84-1.43-1.43-.37.59-.84,1.06-1.43,1.43Z\"><\/path><\/g><\/svg>\t\t\t<\/div>\n\t\t<\/div>\n\t\t\t\t\t\t<\/div>\n\t\t\t\t<\/div>\n\t\t\t\t\t<\/div>\n\t\t<\/div>\n\t\t\t\t<div class=\"elementor-column elementor-col-50 elementor-top-column elementor-element elementor-element-a4a82f5\" data-id=\"a4a82f5\" data-element_type=\"column\">\n\t\t\t<div class=\"elementor-widget-wrap elementor-element-populated\">\n\t\t\t\t\t\t<div class=\"elementor-element elementor-element-951910b elementor-widget__width-initial elementor-widget elementor-widget-back-core-heading\" data-id=\"951910b\" data-element_type=\"widget\" data-widget_type=\"back-core-heading.default\">\n\t\t\t\t<div class=\"elementor-widget-container\">\n\t\t\t\t\t        <div class=\"back-heading default left \">\r\n            <div class=\"title-inner\">        \t\t      \t\t\r\n\t            <span class=\"sub-text \">Art\u00edculo 10. Numeral 29:<\/span><h2 class=\"title\"><span class=\"watermark\"><\/span>Otros<\/h2>\t        <\/div>\r\n\t                    \t<div class=\"description\">\r\n            \t\tCualquier otra informaci\u00f3n que sea de utilidad o relevancia para cumplir con los fines y objetivos de la presente ley.            \t\t\r\n            \t<\/div>\r\n        \t        <\/div>\r\n\r\n        \t\t\t\t<\/div>\n\t\t\t\t<\/div>\n\t\t\t\t\t<\/div>\n\t\t<\/div>\n\t\t\t\t\t<\/div>\n\t\t<\/section>\n\t\t\t\t<section class=\"elementor-section elementor-top-section elementor-element elementor-element-bd17bc1 elementor-section-stretched elementor-section-full_width elementor-section-height-default elementor-section-height-default\" data-id=\"bd17bc1\" data-element_type=\"section\" data-settings=\"{&quot;stretch_section&quot;:&quot;section-stretched&quot;}\">\n\t\t\t\t\t\t<div class=\"elementor-container elementor-column-gap-default\">\n\t\t\t\t\t<div class=\"elementor-column elementor-col-100 elementor-top-column elementor-element elementor-element-fe6d951\" data-id=\"fe6d951\" data-element_type=\"column\">\n\t\t\t<div class=\"elementor-widget-wrap elementor-element-populated\">\n\t\t\t\t\t\t<section class=\"elementor-section elementor-inner-section elementor-element elementor-element-32be198 elementor-section-boxed elementor-section-height-default elementor-section-height-default\" data-id=\"32be198\" data-element_type=\"section\">\n\t\t\t\t\t\t<div class=\"elementor-container elementor-column-gap-default\">\n\t\t\t\t\t<div class=\"elementor-column elementor-col-33 elementor-inner-column elementor-element elementor-element-3ec9d5e\" data-id=\"3ec9d5e\" data-element_type=\"column\">\n\t\t\t<div class=\"elementor-widget-wrap\">\n\t\t\t\t\t\t\t<\/div>\n\t\t<\/div>\n\t\t\t\t<div class=\"elementor-column elementor-col-33 elementor-inner-column elementor-element elementor-element-c665231\" data-id=\"c665231\" data-element_type=\"column\">\n\t\t\t<div class=\"elementor-widget-wrap elementor-element-populated\">\n\t\t\t\t\t\t<div class=\"elementor-element elementor-element-26b1f2b elementor-widget__width-initial elementor-widget elementor-widget-back-core-heading\" data-id=\"26b1f2b\" data-element_type=\"widget\" data-widget_type=\"back-core-heading.default\">\n\t\t\t\t<div class=\"elementor-widget-container\">\n\t\t\t\t\t        <div class=\"back-heading default left \">\r\n            <div class=\"title-inner\">        \t\t      \t\t\r\n\t            \t        <\/div>\r\n\t                    \t<div class=\"description\">\r\n            \t\t<p><strong>El Consejo Econ\u00f3mico y Social de Guatemala de conformidad con lo establecido en el Decreto N\u00famero 57-2008 del Congreso de la Rep\u00fablica \"Ley de Acceso a la Informaci\u00f3n P\u00fablica\", con el fin de garantizar la transparencia en el manejo y ejecuci\u00f3n de los recursos y actos de administraci\u00f3n p\u00fablica, brinda por este medio la informaci\u00f3n p\u00fablica de oficio que como sujeto obligado debe mantener actualizada y disponible.<\/strong><\/p><p><strong>Si desea hacer una solicitud por v\u00eda electr\u00f3nica, la puede hacer a los correos: <a href=\"rhernandez@ces.gob.gt\">rhernandez@ces.gob.gt<\/a> o <a href=\"informacion@ces.gob.gt\">informacion@ces.gob.gt<\/a><\/strong><br \/><strong>Tambi\u00e9n puede visitarnos en: Av. Reforma 13-70 zona 9 Edifico Real Reforma oficinas 12 y 14, Ciudad Guatemala.<\/strong><\/p>            \t\t\r\n            \t<\/div>\r\n        \t        <\/div>\r\n\r\n        \t\t\t\t<\/div>\n\t\t\t\t<\/div>\n\t\t\t\t\t<\/div>\n\t\t<\/div>\n\t\t\t\t<div class=\"elementor-column elementor-col-33 elementor-inner-column elementor-element elementor-element-b1eaf43\" data-id=\"b1eaf43\" data-element_type=\"column\">\n\t\t\t<div class=\"elementor-widget-wrap\">\n\t\t\t\t\t\t\t<\/div>\n\t\t<\/div>\n\t\t\t\t\t<\/div>\n\t\t<\/section>\n\t\t\t\t\t<\/div>\n\t\t<\/div>\n\t\t\t\t\t<\/div>\n\t\t<\/section>\n\t\t\t\t<\/div>\n\t\t","protected":false},"excerpt":{"rendered":"<p>29 Art\u00edculo 10. Numeral 29: Otros Cualquier otra informaci\u00f3n que sea de utilidad o relevancia para cumplir con los fines y objetivos de la presente ley. El Consejo Econ\u00f3mico y Social de Guatemala de conformidad con lo establecido en el Decreto N\u00famero 57-2008 del Congreso de la Rep\u00fablica &#8220;Ley de Acceso a la Informaci\u00f3n P\u00fablica&#8221;,&#8230;<\/p>\n","protected":false},"author":1,"featured_media":0,"parent":4734,"menu_order":0,"comment_status":"closed","ping_status":"closed","template":"elementor_header_footer","meta":{"footnotes":""},"class_list":["post-6872","page","type-page","status-publish","hentry"],"_links":{"self":[{"href":"https:\/\/ces.gob.gt\/index.php\/wp-json\/wp\/v2\/pages\/6872","targetHints":{"allow":["GET"]}}],"collection":[{"href":"https:\/\/ces.gob.gt\/index.php\/wp-json\/wp\/v2\/pages"}],"about":[{"href":"https:\/\/ces.gob.gt\/index.php\/wp-json\/wp\/v2\/types\/page"}],"author":[{"embeddable":true,"href":"https:\/\/ces.gob.gt\/index.php\/wp-json\/wp\/v2\/users\/1"}],"replies":[{"embeddable":true,"href":"https:\/\/ces.gob.gt\/index.php\/wp-json\/wp\/v2\/comments?post=6872"}],"version-history":[{"count":7,"href":"https:\/\/ces.gob.gt\/index.php\/wp-json\/wp\/v2\/pages\/6872\/revisions"}],"predecessor-version":[{"id":12685,"href":"https:\/\/ces.gob.gt\/index.php\/wp-json\/wp\/v2\/pages\/6872\/revisions\/12685"}],"up":[{"embeddable":true,"href":"https:\/\/ces.gob.gt\/index.php\/wp-json\/wp\/v2\/pages\/4734"}],"wp:attachment":[{"href":"https:\/\/ces.gob.gt\/index.php\/wp-json\/wp\/v2\/media?parent=6872"}],"curies":[{"name":"wp","href":"https:\/\/api.w.org\/{rel}","templated":true}]}}